CRAN Package Check Results for Package flan

Last updated on 2020-08-11 15:48:34 CEST.

Flavor Version Tinstall Tcheck Ttotal Status Flags
r-devel-linux-x86_64-debian-clang 0.8 95.14 65.48 160.62 OK
r-devel-linux-x86_64-debian-gcc 0.8 74.23 49.36 123.59 OK
r-devel-linux-x86_64-fedora-clang 0.8 218.70 NOTE
r-devel-linux-x86_64-fedora-gcc 0.8 210.41 OK
r-devel-windows-ix86+x86_64 0.8 229.00 147.00 376.00 OK
r-patched-linux-x86_64 0.8 86.34 65.54 151.88 OK
r-patched-solaris-x86 0.8 202.50 OK
r-release-linux-x86_64 0.8 86.92 65.09 152.01 OK
r-release-macos-x86_64 0.8 NOTE
r-release-windows-ix86+x86_64 0.8 226.00 119.00 345.00 OK
r-oldrel-macos-x86_64 0.8 NOTE
r-oldrel-windows-ix86+x86_64 0.8 150.00 138.00 288.00 OK

Check Details

Version: 0.8
Check: installed package size
Result: NOTE
     installed size is 7.6Mb
     sub-directories of 1Mb or more:
     libs 7.3Mb
Flavors: r-devel-linux-x86_64-fedora-clang, r-release-macos-x86_64, r-oldrel-macos-x86_64