CRAN Package Check Results for Package flacco

Last updated on 2020-08-14 03:47:42 CEST.

Flavor Version Tinstall Tcheck Ttotal Status Flags
r-devel-linux-x86_64-debian-clang 1.8 13.53 117.63 131.16 ERROR
r-devel-linux-x86_64-debian-gcc 1.8 11.59 91.38 102.97 OK
r-devel-linux-x86_64-fedora-clang 1.8 165.52 OK
r-devel-linux-x86_64-fedora-gcc 1.8 154.69 OK
r-devel-windows-ix86+x86_64 1.8 47.00 130.00 177.00 OK
r-patched-linux-x86_64 1.8 13.02 118.08 131.10 OK
r-patched-solaris-x86 1.8 224.00 OK
r-release-linux-x86_64 1.8 13.68 118.87 132.55 OK
r-release-macos-x86_64 1.8 OK
r-release-windows-ix86+x86_64 1.8 42.00 171.00 213.00 OK
r-oldrel-macos-x86_64 1.8 OK
r-oldrel-windows-ix86+x86_64 1.8 22.00 126.00 148.00 OK

Check Details

Version: 1.8
Check: package dependencies
Result: NOTE
    Packages suggested but not available for checking: 'plotly', 'smoof'
Flavor: r-devel-linux-x86_64-debian-clang

Version: 1.8
Check: examples
Result: ERROR
    Running examples in 'flacco-Ex.R' failed
    The error most likely occurred in:
    
    > base::assign(".ptime", proc.time(), pos = "CheckExEnv")
    > ### Name: plotBarrierTree2D
    > ### Title: Plot Barrier Tree in 2D
    > ### Aliases: plotBarrierTree2D
    >
    > ### ** Examples
    >
    > # create a feature object
    > X = createInitialSample(n.obs = 900, dim = 2)
    > f = smoof::makeAckleyFunction(dimensions = 2)
    Error in loadNamespace(name) : there is no package called 'smoof'
    Calls: :: ... loadNamespace -> withRestarts -> withOneRestart -> doWithOneRestart
    Execution halted
Flavor: r-devel-linux-x86_64-debian-clang

Version: 1.8
Check: tests
Result: ERROR
     Running 'test-features.R' [0s/1s]
     Running 'test-general.R' [13s/15s]
    Running the tests in 'tests/test-general.R' failed.
    Complete output:
     > library(testthat)
     >
     > # test general stuff:
     > test_check("flacco", filter = "^base")
     Loading required package: flacco
     -- 1. Error: Usage of regular and smoof functions (@test-base-printFeatureObject
     there is no package called 'smoof'
     Backtrace:
     1. smoof::makeBBOBFunction
     2. base::getExportedValue(pkg, name)
     3. base::asNamespace(ns)
     4. base::getNamespace(ns)
     5. base::loadNamespace(name)
     6. base::withRestarts(stop(cond), retry_loadNamespace = function() NULL)
     7. base:::withOneRestart(expr, restarts[[1L]])
     8. base:::doWithOneRestart(return(expr), restart)
    
     == testthat results ===========================================================
     [ OK: 152 | SKIPPED: 0 | WARNINGS: 0 | FAILED: 1 ]
     1. Error: Usage of regular and smoof functions (@test-base-printFeatureObject.R#68)
    
     Error: testthat unit tests failed
     Execution halted
Flavor: r-devel-linux-x86_64-debian-clang