CRAN Package Check Results for Package fivethirtyeight

Last updated on 2020-06-04 03:49:18 CEST.

Flavor Version Tinstall Tcheck Ttotal Status Flags
r-devel-linux-x86_64-debian-clang 0.5.0 7.72 60.35 68.07 OK
r-devel-linux-x86_64-debian-gcc 0.5.0 6.90 48.05 54.95 OK
r-devel-linux-x86_64-fedora-clang 0.5.0 90.98 NOTE
r-devel-linux-x86_64-fedora-gcc 0.5.0 82.45 NOTE
r-devel-windows-ix86+x86_64 0.5.0 24.00 120.00 144.00 OK
r-patched-linux-x86_64 0.5.0 8.05 60.60 68.65 OK
r-patched-solaris-x86 0.5.0 115.70 NOTE
r-release-linux-x86_64 0.5.0 7.47 60.13 67.60 OK
r-release-osx-x86_64 0.5.0 NOTE
r-release-windows-ix86+x86_64 0.5.0 19.00 91.00 110.00 OK
r-oldrel-osx-x86_64 0.5.0 NOTE
r-oldrel-windows-ix86+x86_64 0.5.0 21.00 126.00 147.00 OK

Check Details

Version: 0.5.0
Check: data for non-ASCII characters
Result: NOTE
     Note: found 489 marked UTF-8 strings
Flavors: r-devel-linux-x86_64-fedora-clang, r-devel-linux-x86_64-fedora-gcc, r-patched-solaris-x86, r-release-osx-x86_64, r-oldrel-osx-x86_64

Version: 0.5.0
Check: installed package size
Result: NOTE
     installed size is 5.3Mb
     sub-directories of 1Mb or more:
     data 4.0Mb
Flavor: r-patched-solaris-x86