CRAN Package Check Results for Package fitlandr

Last updated on 2024-03-03 04:48:36 CET.

Flavor Version Tinstall Tcheck Ttotal Status Flags
r-devel-linux-x86_64-debian-clang 0.1.0 9.05 60.31 69.36 OK
r-devel-linux-x86_64-debian-gcc 0.1.0 5.14 46.56 51.70 OK
r-devel-linux-x86_64-fedora-clang 0.1.0 91.81 NOTE
r-devel-linux-x86_64-fedora-gcc 0.1.0 89.24 OK
r-devel-windows-x86_64 0.1.0 7.00 63.00 70.00 OK
r-patched-linux-x86_64 0.1.0 6.00 59.38 65.38 OK
r-release-linux-x86_64 0.1.0 5.30 59.63 64.93 OK
r-release-macos-arm64 0.1.0 29.00 OK
r-release-macos-x86_64 0.1.0 39.00 OK
r-release-windows-x86_64 0.1.0 11.00 74.00 85.00 OK
r-oldrel-macos-arm64 0.1.0 24.00 OK
r-oldrel-windows-x86_64 0.1.0 11.00 75.00 86.00 OK

Check Details

Version: 0.1.0
Check: Rd cross-references
Result: NOTE Undeclared package ‘ks’ in Rd xrefs Flavor: r-devel-linux-x86_64-fedora-clang