CRAN Package Check Results for Package fitODBOD

Last updated on 2020-08-09 15:47:43 CEST.

Flavor Version Tinstall Tcheck Ttotal Status Flags
r-devel-linux-x86_64-debian-clang 1.4.1-1 8.20 166.59 174.79 OK
r-devel-linux-x86_64-debian-gcc 1.4.1-1 7.54 116.72 124.26 OK
r-devel-linux-x86_64-fedora-clang 1.4.1-1 203.99 NOTE
r-devel-linux-x86_64-fedora-gcc 1.4.1-1 193.23 OK
r-devel-windows-ix86+x86_64 1.4.1-1 20.00 242.00 262.00 OK
r-patched-linux-x86_64 1.4.1-1 7.66 162.61 170.27 OK
r-patched-solaris-x86 1.4.1-1 244.80 OK
r-release-linux-x86_64 1.4.1-1 10.29 156.59 166.88 OK
r-release-macos-x86_64 1.4.1-1 OK
r-release-windows-ix86+x86_64 1.4.1-1 20.00 241.00 261.00 OK
r-oldrel-macos-x86_64 1.4.1-1 OK
r-oldrel-windows-ix86+x86_64 1.4.1-1 14.00 176.00 190.00 OK

Check Details

Version: 1.4.1-1
Check: Rd cross-references
Result: NOTE
    Undeclared packages ‘BinaryEPPM’, ‘extraDistr’, ‘triangle’ in Rd xrefs
Flavor: r-devel-linux-x86_64-fedora-clang