Last updated on 2023-09-29 05:06:03 CEST.
Flavor | Version | Tinstall | Tcheck | Ttotal | Status | Flags |
---|---|---|---|---|---|---|
r-devel-linux-x86_64-debian-clang | 0.3.0 | 29.72 | 594.79 | 624.51 | OK | |
r-devel-linux-x86_64-debian-gcc | 0.3.0 | 23.17 | 438.59 | 461.76 | OK | |
r-devel-linux-x86_64-fedora-clang | 0.3.0 | 704.38 | NOTE | |||
r-devel-linux-x86_64-fedora-gcc | 0.3.0 | 745.19 | OK | |||
r-devel-windows-x86_64 | 0.3.0 | 26.00 | 501.00 | 527.00 | OK | |
r-patched-linux-x86_64 | 0.3.0 | 19.45 | 573.11 | 592.56 | OK | |
r-release-linux-x86_64 | 0.3.0 | 24.11 | 574.42 | 598.53 | OK | |
r-release-macos-arm64 | 0.3.0 | 151.00 | OK | |||
r-release-macos-x86_64 | 0.3.0 | 312.00 | OK | |||
r-release-windows-x86_64 | 0.3.0 | 32.00 | 585.00 | 617.00 | OK | |
r-oldrel-macos-arm64 | 0.3.0 | 138.00 | OK | |||
r-oldrel-macos-x86_64 | 0.3.0 | 235.00 | OK | |||
r-oldrel-windows-x86_64 | 0.3.0 | 34.00 | 578.00 | 612.00 | OK |
Version: 0.3.0
Check: package dependencies
Result: NOTE
Imports includes 33 non-default packages.
Importing from so many packages makes the package vulnerable to any of
them becoming unavailable. Move as many as possible to Suggests and
use conditionally.
Flavor: r-devel-linux-x86_64-fedora-clang