CRAN Package Check Results for Package fingertipscharts

Last updated on 2020-08-07 15:48:41 CEST.

Flavor Version Tinstall Tcheck Ttotal Status Flags
r-devel-linux-x86_64-debian-clang 0.0.11 10.54 140.75 151.29 ERROR
r-devel-linux-x86_64-debian-gcc 0.0.11 9.26 105.36 114.62 OK
r-devel-linux-x86_64-fedora-clang 0.0.11 185.24 OK
r-devel-linux-x86_64-fedora-gcc 0.0.11 178.08 OK
r-devel-windows-ix86+x86_64 0.0.11 53.00 266.00 319.00 OK
r-patched-linux-x86_64 0.0.11 11.76 133.64 145.40 OK
r-patched-solaris-x86 0.0.11 258.80 WARN
r-release-linux-x86_64 0.0.11 9.62 133.22 142.84 OK
r-release-macos-x86_64 0.0.11 WARN
r-release-windows-ix86+x86_64 0.0.11 49.00 179.00 228.00 OK
r-oldrel-macos-x86_64 0.0.11 WARN
r-oldrel-windows-ix86+x86_64 0.0.11 31.00 196.00 227.00 OK

Check Details

Version: 0.0.11
Check: tests
Result: ERROR
     Running 'a-l.R' [26s/59s]
     Running 'm-z.R' [13s/27s]
    Running the tests in 'tests/a-l.R' failed.
    Complete output:
     > library(testthat)
     > library(fingertipscharts)
     >
     > test_check("fingertipscharts", filter = "^[a-l]")
     -- 1. Error: map example draws correctly (@test-examples.R#123) ---------------
     The ons_api provided is currently unavailable
     Backtrace:
     1. fingertipscharts::map(...)
     2. fingertipscharts:::ensure_ons_api_available(ons_api)
    
     == testthat results ===========================================================
     [ OK: 9 | SKIPPED: 24 | WARNINGS: 20 | FAILED: 1 ]
     1. Error: map example draws correctly (@test-examples.R#123)
    
     Error: testthat unit tests failed
     Execution halted
Flavor: r-devel-linux-x86_64-debian-clang

Version: 0.0.11
Check: re-building of vignette outputs
Result: WARN
    Error(s) in re-building vignettes:
     ...
    --- re-building ‘quick_charts.Rmd’ using rmarkdown
    Warning in engine$weave(file, quiet = quiet, encoding = enc) :
     Pandoc (>= 1.12.3) and/or pandoc-citeproc not available. Falling back to R Markdown v1.
    
    Attaching package: 'dplyr'
    
    The following objects are masked from 'package:stats':
    
     filter, lag
    
    The following objects are masked from 'package:base':
    
     intersect, setdiff, setequal, union
    
    Quitting from lines 125-134 (quick_charts.Rmd)
    Error: processing vignette 'quick_charts.Rmd' failed with diagnostics:
    there is no package called 'webshot'
    --- failed re-building ‘quick_charts.Rmd’
    
    SUMMARY: processing the following file failed:
     ‘quick_charts.Rmd’
    
    Error: Vignette re-building failed.
    Execution halted
Flavor: r-patched-solaris-x86

Version: 0.0.11
Check: re-building of vignette outputs
Result: WARN
    Error(s) in re-building vignettes:
    --- re-building ‘quick_charts.Rmd’ using rmarkdown
    Warning in engine$weave(file, quiet = quiet, encoding = enc) :
     Pandoc (>= 1.12.3) and/or pandoc-citeproc not available. Falling back to R Markdown v1.
    
    Attaching package: 'dplyr'
    
    The following objects are masked from 'package:stats':
    
     filter, lag
    
    The following objects are masked from 'package:base':
    
     intersect, setdiff, setequal, union
    
    Warning in normalizePath(f2) :
     path[1]="webshot139e42d2e7502.png": No such file or directory
    Warning in file(con, "rb") :
     cannot open file 'webshot139e42d2e7502.png': No such file or directory
    Quitting from lines 125-134 (quick_charts.Rmd)
    Error: processing vignette 'quick_charts.Rmd' failed with diagnostics:
    cannot open the connection
    --- failed re-building ‘quick_charts.Rmd’
    
    SUMMARY: processing the following file failed:
     ‘quick_charts.Rmd’
    
    Error: Vignette re-building failed.
    Execution halted
Flavor: r-release-macos-x86_64

Version: 0.0.11
Check: re-building of vignette outputs
Result: WARN
    Error(s) in re-building vignettes:
    --- re-building ‘quick_charts.Rmd’ using rmarkdown
    Warning in engine$weave(file, quiet = quiet, encoding = enc) :
     Pandoc (>= 1.12.3) and/or pandoc-citeproc not available. Falling back to R Markdown v1.
    
    Attaching package: 'dplyr'
    
    The following objects are masked from 'package:stats':
    
     filter, lag
    
    The following objects are masked from 'package:base':
    
     intersect, setdiff, setequal, union
    
    Warning in normalizePath(f2) :
     path[1]="webshot10e856a1297fb.png": No such file or directory
    Warning in file(con, "rb") :
     cannot open file 'webshot10e856a1297fb.png': No such file or directory
    Quitting from lines 125-134 (quick_charts.Rmd)
    Error: processing vignette 'quick_charts.Rmd' failed with diagnostics:
    cannot open the connection
    --- failed re-building ‘quick_charts.Rmd’
    
    SUMMARY: processing the following file failed:
     ‘quick_charts.Rmd’
    
    Error: Vignette re-building failed.
    Execution halted
Flavor: r-oldrel-macos-x86_64