CRAN Package Check Results for Package fic

Last updated on 2024-02-22 05:01:45 CET.

Flavor Version Tinstall Tcheck Ttotal Status Flags
r-devel-linux-x86_64-debian-clang 1.0.0 OK
r-devel-linux-x86_64-debian-gcc 1.0.0 10.13 162.45 172.58 OK
r-devel-linux-x86_64-fedora-clang 1.0.0 285.50 NOTE
r-devel-linux-x86_64-fedora-gcc 1.0.0 288.49 NOTE
r-devel-windows-x86_64 1.0.0 11.00 274.00 285.00 OK
r-patched-linux-x86_64 1.0.0 12.53 209.22 221.75 OK
r-release-linux-x86_64 1.0.0 12.60 207.59 220.19 OK
r-release-macos-arm64 1.0.0 103.00 OK
r-release-macos-x86_64 1.0.0 152.00 OK
r-release-windows-x86_64 1.0.0 16.00 278.00 294.00 OK
r-oldrel-macos-arm64 1.0.0 83.00 NOTE
r-oldrel-windows-x86_64 1.0.0 16.00 277.00 293.00 OK

Check Details

Version: 1.0.0
Check: dependencies in R code
Result: NOTE Namespace in Imports field not imported from: ‘numDeriv’ All declared Imports should be used. Flavors: r-devel-linux-x86_64-fedora-clang, r-devel-linux-x86_64-fedora-gcc, r-oldrel-macos-arm64