Last updated on 2023-11-30 16:49:22 CET.
Flavor | Version | Tinstall | Tcheck | Ttotal | Status | Flags |
---|---|---|---|---|---|---|
r-devel-linux-x86_64-debian-clang | 1.1.4 | 7.03 | 60.68 | 67.71 | NOTE | |
r-devel-linux-x86_64-debian-gcc | 1.1.4 | 5.47 | 44.89 | 50.36 | NOTE | |
r-devel-linux-x86_64-fedora-clang | 1.1.4 | 81.81 | NOTE | |||
r-devel-linux-x86_64-fedora-gcc | 1.1.4 | 78.04 | NOTE | |||
r-devel-windows-x86_64 | 1.1.4 | 8.00 | 63.00 | 71.00 | NOTE | |
r-patched-linux-x86_64 | 1.1.4 | 5.01 | 55.91 | 60.92 | NOTE | |
r-release-linux-x86_64 | 1.1.4 | 4.62 | 56.15 | 60.77 | NOTE | |
r-release-macos-arm64 | 1.1.4 | 28.00 | NOTE | |||
r-release-macos-x86_64 | 1.1.4 | 49.00 | NOTE | |||
r-release-windows-x86_64 | 1.1.4 | 10.00 | 69.00 | 79.00 | NOTE | |
r-oldrel-macos-arm64 | 1.1.4 | 28.00 | NOTE | |||
r-oldrel-macos-x86_64 | 1.1.4 | 48.00 | NOTE | |||
r-oldrel-windows-x86_64 | 1.1.4 | 9.00 | 74.00 | 83.00 | NOTE |
Version: 1.1.4
Check: LazyData
Result: NOTE
'LazyData' is specified without a 'data' directory
Flavors: r-devel-linux-x86_64-debian-clang, r-devel-linux-x86_64-debian-gcc, r-devel-linux-x86_64-fedora-clang, r-devel-linux-x86_64-fedora-gcc, r-devel-windows-x86_64, r-patched-linux-x86_64, r-release-linux-x86_64, r-release-macos-arm64, r-release-macos-x86_64, r-release-windows-x86_64, r-oldrel-macos-arm64, r-oldrel-macos-x86_64, r-oldrel-windows-x86_64