CRAN Package Check Results for Package ffbase

Last updated on 2020-09-18 15:52:46 CEST.

Flavor Version Tinstall Tcheck Ttotal Status Flags
r-devel-linux-x86_64-debian-clang 0.13.1 8.64 64.48 73.12 OK
r-devel-linux-x86_64-debian-gcc 0.13.1 5.63 48.70 54.33 OK
r-devel-linux-x86_64-fedora-clang 0.13.1 95.36 OK
r-devel-linux-x86_64-fedora-gcc 0.13.1 93.67 OK
r-devel-windows-ix86+x86_64 0.13.1 20.00 100.00 120.00 OK
r-patched-linux-x86_64 0.13.1 6.96 64.49 71.45 OK
r-patched-solaris-x86 0.13.1 123.20 OK
r-release-linux-x86_64 0.13.1 7.05 65.13 72.18 OK
r-release-macos-x86_64 0.13.1 OK
r-release-windows-ix86+x86_64 0.13.1 19.00 99.00 118.00 OK
r-oldrel-macos-x86_64 0.13.1 ERROR
r-oldrel-windows-ix86+x86_64 0.13.1 14.00 122.00 136.00 OK

Check Details

Version: 0.13.1
Check: package dependencies
Result: ERROR
    Package required and available but unsuitable version: ‘ff’
    
    See section ‘The DESCRIPTION file’ in the ‘Writing R Extensions’
    manual.
Flavor: r-oldrel-macos-x86_64