CRAN Package Check Results for Package felp

Last updated on 2020-08-11 03:47:47 CEST.

Flavor Version Tinstall Tcheck Ttotal Status Flags
r-devel-linux-x86_64-debian-clang 0.2.2 1.93 29.60 31.53 OK
r-devel-linux-x86_64-debian-gcc 0.2.2 1.52 22.93 24.45 OK
r-devel-linux-x86_64-fedora-clang 0.2.2 46.68 NOTE
r-devel-linux-x86_64-fedora-gcc 0.2.2 37.31 NOTE
r-devel-windows-ix86+x86_64 0.2.2 7.00 57.00 64.00 OK
r-patched-linux-x86_64 0.2.2 1.72 29.16 30.88 OK
r-patched-solaris-x86 0.2.2 57.40 NOTE
r-release-linux-x86_64 0.2.2 1.77 29.00 30.77 OK
r-release-macos-x86_64 0.2.2 NOTE
r-release-windows-ix86+x86_64 0.2.2 9.00 59.00 68.00 OK
r-oldrel-macos-x86_64 0.2.2 NOTE
r-oldrel-windows-ix86+x86_64 0.2.2 4.00 41.00 45.00 OK

Check Details

Version: 0.2.2
Check: dependencies in R code
Result: NOTE
    Namespace in Imports field not imported from: ‘prettycode’
     All declared Imports should be used.
Flavors: r-devel-linux-x86_64-fedora-clang, r-devel-linux-x86_64-fedora-gcc, r-patched-solaris-x86, r-release-macos-x86_64, r-oldrel-macos-x86_64