CRAN Package Check Results for Package fedregs

Last updated on 2024-02-24 16:48:19 CET.

Flavor Version Tinstall Tcheck Ttotal Status Flags
r-devel-linux-x86_64-debian-clang 1.0.0 5.48 51.04 56.52 NOTE
r-devel-linux-x86_64-debian-gcc 1.0.0 4.25 39.24 43.49 NOTE
r-devel-linux-x86_64-fedora-clang 1.0.0 73.62 NOTE
r-devel-linux-x86_64-fedora-gcc 1.0.0 68.44 NOTE
r-devel-windows-x86_64 1.0.0 5.00 71.00 76.00 NOTE
r-patched-linux-x86_64 1.0.0 3.32 49.58 52.90 NOTE
r-release-linux-x86_64 1.0.0 3.18 48.11 51.29 NOTE
r-release-macos-arm64 1.0.0 56.00 NOTE
r-release-macos-x86_64 1.0.0 65.00 NOTE
r-release-windows-x86_64 1.0.0 6.00 78.00 84.00 NOTE
r-oldrel-macos-arm64 1.0.0 51.00 NOTE
r-oldrel-windows-x86_64 1.0.0 7.00 83.00 90.00 NOTE

Check Details

Version: 1.0.0
Check: package subdirectories
Result: NOTE Problems with news in ‘NEWS.md’: Cannot extract version info from the following section titles: New Stuff Flavors: r-devel-linux-x86_64-debian-clang, r-devel-linux-x86_64-debian-gcc, r-devel-linux-x86_64-fedora-clang, r-devel-linux-x86_64-fedora-gcc, r-devel-windows-x86_64, r-patched-linux-x86_64, r-release-linux-x86_64, r-release-macos-arm64, r-release-macos-x86_64, r-release-windows-x86_64

Version: 1.0.0
Check: LazyData
Result: NOTE 'LazyData' is specified without a 'data' directory Flavors: r-devel-linux-x86_64-debian-clang, r-devel-linux-x86_64-debian-gcc, r-devel-linux-x86_64-fedora-clang, r-devel-linux-x86_64-fedora-gcc, r-devel-windows-x86_64, r-patched-linux-x86_64, r-release-linux-x86_64, r-release-macos-arm64, r-release-macos-x86_64, r-release-windows-x86_64, r-oldrel-macos-arm64, r-oldrel-windows-x86_64

Version: 1.0.0
Check: dependencies in R code
Result: NOTE Namespaces in Imports field not imported from: ‘rvest’ ‘stringi’ All declared Imports should be used. Flavors: r-devel-linux-x86_64-fedora-clang, r-devel-linux-x86_64-fedora-gcc, r-oldrel-macos-arm64