CRAN Package Check Results for Package fedregs

Last updated on 2020-08-09 15:47:42 CEST.

Flavor Version Tinstall Tcheck Ttotal Status Flags
r-devel-linux-x86_64-debian-clang 1.0.0 4.14 41.78 45.92 OK
r-devel-linux-x86_64-debian-gcc 1.0.0 3.16 33.00 36.16 OK
r-devel-linux-x86_64-fedora-clang 1.0.0 62.75 NOTE
r-devel-linux-x86_64-fedora-gcc 1.0.0 54.36 NOTE
r-devel-windows-ix86+x86_64 1.0.0 10.00 102.00 112.00 OK
r-patched-linux-x86_64 1.0.0 3.94 41.63 45.57 OK
r-patched-solaris-x86 1.0.0 89.90 NOTE
r-release-linux-x86_64 1.0.0 3.30 40.73 44.03 OK
r-release-macos-x86_64 1.0.0 NOTE
r-release-windows-ix86+x86_64 1.0.0 17.00 94.00 111.00 OK
r-oldrel-macos-x86_64 1.0.0 NOTE
r-oldrel-windows-ix86+x86_64 1.0.0 7.00 76.00 83.00 OK

Check Details

Version: 1.0.0
Check: dependencies in R code
Result: NOTE
    Namespaces in Imports field not imported from:
     ‘rvest’ ‘stringi’
     All declared Imports should be used.
Flavors: r-devel-linux-x86_64-fedora-clang, r-devel-linux-x86_64-fedora-gcc, r-patched-solaris-x86, r-release-macos-x86_64, r-oldrel-macos-x86_64