CRAN Package Check Results for Package fedmatch

Last updated on 2024-02-22 16:49:16 CET.

Flavor Version Tinstall Tcheck Ttotal Status Flags
r-devel-linux-x86_64-debian-clang 2.0.5 NOTE
r-devel-linux-x86_64-debian-gcc 2.0.5 21.32 54.02 75.34 NOTE
r-devel-linux-x86_64-fedora-clang 2.0.5 133.58 NOTE
r-devel-linux-x86_64-fedora-gcc 2.0.5 133.51 NOTE
r-devel-windows-x86_64 2.0.5 23.00 99.00 122.00 NOTE
r-patched-linux-x86_64 2.0.5 25.72 69.18 94.90 NOTE
r-release-linux-x86_64 2.0.5 21.76 65.92 87.68 NOTE
r-release-macos-arm64 2.0.5 51.00 NOTE
r-release-macos-x86_64 2.0.5 71.00 NOTE
r-release-windows-x86_64 2.0.5 30.00 117.00 147.00 NOTE
r-oldrel-macos-arm64 2.0.5 38.00 OK
r-oldrel-windows-x86_64 2.0.5 27.00 110.00 137.00 OK

Check Details

Version: 2.0.5
Check: C++ specification
Result: NOTE Specified C++11: please drop specification unless essential Flavors: r-devel-linux-x86_64-debian-clang, r-devel-linux-x86_64-debian-gcc, r-devel-linux-x86_64-fedora-clang, r-devel-linux-x86_64-fedora-gcc, r-devel-windows-x86_64, r-patched-linux-x86_64, r-release-linux-x86_64, r-release-macos-arm64, r-release-macos-x86_64, r-release-windows-x86_64