Last updated on 2023-12-07 16:49:31 CET.
Flavor | Version | Tinstall | Tcheck | Ttotal | Status | Flags |
---|---|---|---|---|---|---|
r-devel-linux-x86_64-debian-clang | 1.0.0 | 190.57 | 141.66 | 332.23 | NOTE | |
r-devel-linux-x86_64-debian-gcc | 1.0.0 | 131.22 | 103.73 | 234.95 | NOTE | |
r-devel-linux-x86_64-fedora-clang | 1.0.0 | 454.94 | NOTE | |||
r-devel-linux-x86_64-fedora-gcc | 1.0.0 | 450.30 | NOTE | |||
r-devel-windows-x86_64 | 1.0.0 | 138.00 | 124.00 | 262.00 | NOTE | |
r-patched-linux-x86_64 | 1.0.0 | 110.12 | 135.71 | 245.83 | NOTE | |
r-release-linux-x86_64 | 1.0.0 | 132.08 | 134.44 | 266.52 | NOTE | |
r-release-macos-arm64 | 1.0.0 | 102.00 | NOTE | |||
r-release-macos-x86_64 | 1.0.0 | 178.00 | NOTE | |||
r-release-windows-x86_64 | 1.0.0 | 188.00 | 150.00 | 338.00 | NOTE | |
r-oldrel-macos-arm64 | 1.0.0 | 109.00 | NOTE | |||
r-oldrel-macos-x86_64 | 1.0.0 | 129.00 | NOTE | |||
r-oldrel-windows-x86_64 | 1.0.0 | 175.00 | 148.00 | 323.00 | OK |
Version: 1.0.0
Check: C++ specification
Result: NOTE
Specified C++11: please drop specification unless essential
Flavors: r-devel-linux-x86_64-debian-clang, r-devel-linux-x86_64-debian-gcc, r-devel-linux-x86_64-fedora-clang, r-devel-linux-x86_64-fedora-gcc, r-devel-windows-x86_64, r-patched-linux-x86_64, r-release-linux-x86_64, r-release-macos-arm64, r-release-macos-x86_64, r-release-windows-x86_64
Version: 1.0.0
Check: dependencies in R code
Result: NOTE
Namespace in Imports field not imported from: ‘panelView’
All declared Imports should be used.
Flavors: r-devel-linux-x86_64-fedora-clang, r-devel-linux-x86_64-fedora-gcc, r-oldrel-macos-arm64, r-oldrel-macos-x86_64
Version: 1.0.0
Check: installed package size
Result: NOTE
installed size is 9.0Mb
sub-directories of 1Mb or more:
libs 7.7Mb
Flavors: r-release-macos-arm64, r-release-macos-x86_64, r-oldrel-macos-arm64, r-oldrel-macos-x86_64