CRAN Package Check Results for Package featurefinder

Last updated on 2020-08-13 15:51:02 CEST.

Flavor Version Tinstall Tcheck Ttotal Status Flags
r-devel-linux-x86_64-debian-clang 1.1 3.21 31.58 34.79 NOTE
r-devel-linux-x86_64-debian-gcc 1.1 2.35 24.65 27.00 NOTE
r-devel-linux-x86_64-fedora-clang 1.1 50.32 NOTE
r-devel-linux-x86_64-fedora-gcc 1.1 42.49 NOTE
r-devel-windows-ix86+x86_64 1.1 8.00 43.00 51.00 OK
r-patched-linux-x86_64 1.1 3.00 31.34 34.34 NOTE
r-patched-solaris-x86 1.1 69.80 NOTE
r-release-linux-x86_64 1.1 2.95 31.36 34.31 NOTE
r-release-macos-x86_64 1.1 OK
r-release-windows-ix86+x86_64 1.1 9.00 62.00 71.00 OK
r-oldrel-macos-x86_64 1.1 OK
r-oldrel-windows-ix86+x86_64 1.1 6.00 73.00 79.00 OK

Check Details

Version: 1.1
Check: for non-standard things in the check directory
Result: NOTE
    Found the following files/directories:
     'treesAll.txt'
Flavors: r-devel-linux-x86_64-debian-clang, r-devel-linux-x86_64-debian-gcc, r-devel-linux-x86_64-fedora-clang, r-devel-linux-x86_64-fedora-gcc, r-patched-linux-x86_64, r-patched-solaris-x86, r-release-linux-x86_64