CRAN Package Check Results for Package fdrtool

Last updated on 2020-07-10 03:47:17 CEST.

Flavor Version Tinstall Tcheck Ttotal Status Flags
r-devel-linux-x86_64-debian-clang 1.2.15 3.59 24.94 28.53 OK
r-devel-linux-x86_64-debian-gcc 1.2.15 2.86 19.94 22.80 OK
r-devel-linux-x86_64-fedora-clang 1.2.15 42.67 NOTE
r-devel-linux-x86_64-fedora-gcc 1.2.15 33.66 NOTE
r-devel-windows-ix86+x86_64 1.2.15 9.00 50.00 59.00 OK
r-patched-linux-x86_64 1.2.15 2.99 25.03 28.02 OK
r-patched-solaris-x86 1.2.15 51.70 OK
r-release-linux-x86_64 1.2.15 3.26 25.04 28.30 OK
r-release-osx-x86_64 1.2.15 OK
r-release-windows-ix86+x86_64 1.2.15 8.00 44.00 52.00 OK
r-oldrel-osx-x86_64 1.2.15 OK
r-oldrel-windows-ix86+x86_64 1.2.15 7.00 56.00 63.00 OK

Check Details

Version: 1.2.15
Check: compiled code
Result: NOTE
    File ‘fdrtool/libs/fdrtool.so’:
     Found no calls to: ‘R_registerRoutines’, ‘R_useDynamicSymbols’
    
    It is good practice to register native routines and to disable symbol
    search.
    
    See ‘Writing portable packages’ in the ‘Writing R Extensions’ manual.
Flavors: r-devel-linux-x86_64-fedora-clang, r-devel-linux-x86_64-fedora-gcc