CRAN Package Check Results for Package fdaoutlier

Last updated on 2024-03-03 16:49:57 CET.

Flavor Version Tinstall Tcheck Ttotal Status Flags
r-devel-linux-x86_64-debian-clang 0.2.1 10.25 50.83 61.08 NOTE
r-devel-linux-x86_64-debian-gcc 0.2.1 7.46 38.70 46.16 NOTE
r-devel-linux-x86_64-fedora-clang 0.2.1 83.87 NOTE
r-devel-linux-x86_64-fedora-gcc 0.2.1 84.24 NOTE
r-devel-windows-x86_64 0.2.1 11.00 67.00 78.00 OK
r-patched-linux-x86_64 0.2.1 9.27 47.69 56.96 OK
r-release-linux-x86_64 0.2.1 9.23 47.61 56.84 OK
r-release-macos-arm64 0.2.1 45.00 OK
r-release-macos-x86_64 0.2.1 100.00 OK
r-release-windows-x86_64 0.2.1 13.00 78.00 91.00 OK
r-oldrel-macos-arm64 0.2.1 88.00 OK
r-oldrel-windows-x86_64 0.2.1 12.00 69.00 81.00 OK

Check Details

Version: 0.2.1
Check: Rd files
Result: NOTE checkRd: (-1) simulation_model9.Rd:47: Lost braces; missing escapes or markup? 47 | \item{ci}{A vector of 2 values containing $c_{1i}$ and $c_{2i}$ in the contamination | ^ checkRd: (-1) simulation_model9.Rd:47: Lost braces; missing escapes or markup? 47 | \item{ci}{A vector of 2 values containing $c_{1i}$ and $c_{2i}$ in the contamination | ^ Flavors: r-devel-linux-x86_64-debian-clang, r-devel-linux-x86_64-debian-gcc, r-devel-linux-x86_64-fedora-clang, r-devel-linux-x86_64-fedora-gcc