CRAN Package Check Results for Package fdadensity

Last updated on 2020-08-13 15:51:02 CEST.

Flavor Version Tinstall Tcheck Ttotal Status Flags
r-devel-linux-x86_64-debian-clang 0.1.2 27.31 50.25 77.56 OK
r-devel-linux-x86_64-debian-gcc 0.1.2 20.32 37.93 58.25 OK
r-devel-linux-x86_64-fedora-clang 0.1.2 106.42 OK
r-devel-linux-x86_64-fedora-gcc 0.1.2 90.87 OK
r-devel-windows-ix86+x86_64 0.1.2 80.00 90.00 170.00 NOTE
r-patched-linux-x86_64 0.1.2 18.47 48.64 67.11 OK
r-patched-solaris-x86 0.1.2 114.70 OK
r-release-linux-x86_64 0.1.2 19.02 48.19 67.21 OK
r-release-macos-x86_64 0.1.2 OK
r-release-windows-ix86+x86_64 0.1.2 75.00 138.00 213.00 NOTE
r-oldrel-macos-x86_64 0.1.2 OK
r-oldrel-windows-ix86+x86_64 0.1.2 43.00 93.00 136.00 OK

Check Details

Version: 0.1.2
Check: installed package size
Result: NOTE
     installed size is 5.4Mb
     sub-directories of 1Mb or more:
     data 3.3Mb
     libs 2.0Mb
Flavors: r-devel-windows-ix86+x86_64, r-release-windows-ix86+x86_64