Last updated on 2023-11-29 16:51:41 CET.
Flavor | Version | Tinstall | Tcheck | Ttotal | Status | Flags |
---|---|---|---|---|---|---|
r-devel-linux-x86_64-debian-clang | 0.3.0 | 322.70 | 338.00 | 660.70 | OK | |
r-devel-linux-x86_64-debian-gcc | 0.3.0 | 205.66 | 258.21 | 463.87 | OK | |
r-devel-linux-x86_64-fedora-clang | 0.3.0 | 973.68 | NOTE | |||
r-devel-linux-x86_64-fedora-gcc | 0.3.0 | 931.32 | OK | |||
r-devel-windows-x86_64 | 0.3.0 | 228.00 | 439.00 | 667.00 | NOTE | |
r-patched-linux-x86_64 | 0.3.0 | 207.99 | 328.07 | 536.06 | OK | |
r-release-linux-x86_64 | 0.3.0 | 195.97 | 330.61 | 526.58 | OK | |
r-release-macos-arm64 | 0.3.0 | 171.00 | NOTE | |||
r-release-macos-x86_64 | 0.3.0 | 394.00 | NOTE | |||
r-release-windows-x86_64 | 0.3.0 | 297.00 | 576.00 | 873.00 | NOTE | |
r-oldrel-macos-arm64 | 0.3.0 | 191.00 | NOTE | |||
r-oldrel-macos-x86_64 | 0.3.0 | 299.00 | NOTE | |||
r-oldrel-windows-x86_64 | 0.3.0 | 285.00 | 577.00 | 862.00 | NOTE |
Version: 0.3.0
Check: installed package size
Result: NOTE
installed size is 6.7Mb
sub-directories of 1Mb or more:
R 1.8Mb
doc 1.5Mb
help 2.1Mb
Flavors: r-devel-linux-x86_64-fedora-clang, r-devel-windows-x86_64, r-release-macos-arm64, r-release-macos-x86_64, r-release-windows-x86_64, r-oldrel-macos-arm64, r-oldrel-macos-x86_64, r-oldrel-windows-x86_64