Last updated on 2023-12-08 05:02:03 CET.
Flavor | Version | Tinstall | Tcheck | Ttotal | Status | Flags |
---|---|---|---|---|---|---|
r-devel-linux-x86_64-debian-clang | 1.2.1 | 12.82 | 304.58 | 317.40 | NOTE | |
r-devel-linux-x86_64-debian-gcc | 1.2.1 | 8.31 | 227.69 | 236.00 | NOTE | |
r-devel-linux-x86_64-fedora-clang | 1.2.1 | 384.28 | OK | |||
r-devel-linux-x86_64-fedora-gcc | 1.2.1 | 388.28 | OK | |||
r-devel-windows-x86_64 | 1.2.1 | 20.00 | 291.00 | 311.00 | OK | |
r-patched-linux-x86_64 | 1.2.1 | 12.57 | 294.54 | 307.11 | OK | |
r-release-linux-x86_64 | 1.2.1 | 8.89 | 296.28 | 305.17 | OK | |
r-release-macos-arm64 | 1.2.1 | 116.00 | OK | |||
r-release-macos-x86_64 | 1.2.1 | 258.00 | OK | |||
r-release-windows-x86_64 | 1.2.1 | 26.00 | 358.00 | 384.00 | OK | |
r-oldrel-macos-arm64 | 1.2.1 | 119.00 | OK | |||
r-oldrel-macos-x86_64 | 1.2.1 | 155.00 | OK | |||
r-oldrel-windows-x86_64 | 1.2.1 | 26.00 | 346.00 | 372.00 | OK |
Version: 1.2.1
Check: Rd files
Result: NOTE
checkRd: (-1) fh_bounds.Rd:14: Lost braces
14 | \item{params1}{Arguments to pass to the r{dist} function for distribution 1}
| ^
checkRd: (-1) fh_bounds.Rd:16: Lost braces
16 | \item{params2}{Arguments to pass to the r{dist} function for distribution 2}
| ^
Flavors: r-devel-linux-x86_64-debian-clang, r-devel-linux-x86_64-debian-gcc