CRAN Package Check Results for Package fasterElasticNet

Last updated on 2020-08-06 15:49:29 CEST.

Flavor Version Tinstall Tcheck Ttotal Status Flags
r-devel-linux-x86_64-debian-clang 1.1.2 65.51 27.32 92.83 OK
r-devel-linux-x86_64-debian-gcc 1.1.2 45.36 21.85 67.21 OK
r-devel-linux-x86_64-fedora-clang 1.1.2 125.84 NOTE
r-devel-linux-x86_64-fedora-gcc 1.1.2 109.36 OK
r-devel-windows-ix86+x86_64 1.1.2 156.00 63.00 219.00 NOTE
r-patched-linux-x86_64 1.1.2 49.70 27.06 76.76 OK
r-patched-solaris-x86 1.1.2 111.80 OK
r-release-linux-x86_64 1.1.2 48.91 27.09 76.00 OK
r-release-macos-x86_64 1.1.2 NOTE
r-release-windows-ix86+x86_64 1.1.2 146.00 81.00 227.00 NOTE
r-oldrel-macos-x86_64 1.1.2 NOTE
r-oldrel-windows-ix86+x86_64 1.1.2 98.00 61.00 159.00 OK

Check Details

Version: 1.1.2
Check: installed package size
Result: NOTE
     installed size is 5.6Mb
     sub-directories of 1Mb or more:
     data 3.1Mb
     libs 2.4Mb
Flavors: r-devel-linux-x86_64-fedora-clang, r-devel-windows-ix86+x86_64, r-release-macos-x86_64, r-release-windows-ix86+x86_64, r-oldrel-macos-x86_64