CRAN Package Check Results for Package fastcmh

Last updated on 2020-08-08 15:46:46 CEST.

Flavor Version Tinstall Tcheck Ttotal Status Flags
r-devel-linux-x86_64-debian-clang 0.2.7 43.23 29.91 73.14 OK
r-devel-linux-x86_64-debian-gcc 0.2.7 31.79 23.48 55.27 OK
r-devel-linux-x86_64-fedora-clang 0.2.7 104.42 NOTE
r-devel-linux-x86_64-fedora-gcc 0.2.7 90.65 NOTE
r-devel-windows-ix86+x86_64 0.2.7 105.00 90.00 195.00 OK
r-patched-linux-x86_64 0.2.7 33.62 29.81 63.43 OK
r-patched-solaris-x86 0.2.7 95.40 OK
r-release-linux-x86_64 0.2.7 35.79 29.39 65.18 OK
r-release-macos-x86_64 0.2.7 OK
r-release-windows-ix86+x86_64 0.2.7 105.00 90.00 195.00 OK
r-oldrel-macos-x86_64 0.2.7 OK
r-oldrel-windows-ix86+x86_64 0.2.7 76.00 88.00 164.00 OK

Check Details

Version: 0.2.7
Check: compiled code
Result: NOTE
    File ‘fastcmh/libs/fastcmh.so’:
     Found no calls to: ‘R_registerRoutines’, ‘R_useDynamicSymbols’
    
    It is good practice to register native routines and to disable symbol
    search.
    
    See ‘Writing portable packages’ in the ‘Writing R Extensions’ manual.
Flavors: r-devel-linux-x86_64-fedora-clang, r-devel-linux-x86_64-fedora-gcc