CRAN Package Check Results for Package fastGLCM

Last updated on 2024-02-26 16:56:23 CET.

Flavor Version Tinstall Tcheck Ttotal Status Flags
r-devel-linux-x86_64-debian-clang 1.0.2 47.36 57.98 105.34 NOTE
r-devel-linux-x86_64-debian-gcc 1.0.2 39.82 43.11 82.93 NOTE
r-devel-linux-x86_64-fedora-clang 1.0.2 140.14 NOTE
r-devel-linux-x86_64-fedora-gcc 1.0.2 154.16 NOTE
r-devel-windows-x86_64 1.0.2 38.00 97.00 135.00 NOTE
r-patched-linux-x86_64 1.0.2 46.87 57.22 104.09 NOTE
r-release-linux-x86_64 1.0.2 49.04 57.00 106.04 NOTE
r-release-macos-arm64 1.0.2 51.00 NOTE
r-release-macos-x86_64 1.0.2 79.00 NOTE
r-release-windows-x86_64 1.0.2 50.00 107.00 157.00 NOTE
r-oldrel-macos-arm64 1.0.2 44.00 NOTE
r-oldrel-windows-x86_64 1.0.2 47.00 100.00 147.00 NOTE

Check Details

Version: 1.0.2
Check: C++ specification
Result: NOTE Specified C++11: please drop specification unless essential Flavors: r-devel-linux-x86_64-debian-clang, r-devel-linux-x86_64-debian-gcc, r-devel-linux-x86_64-fedora-clang, r-devel-linux-x86_64-fedora-gcc, r-devel-windows-x86_64, r-patched-linux-x86_64, r-release-linux-x86_64, r-release-macos-arm64, r-release-macos-x86_64, r-release-windows-x86_64

Version: 1.0.2
Check: installed package size
Result: NOTE installed size is 5.6Mb sub-directories of 1Mb or more: images 3.1Mb libs 1.3Mb Flavors: r-devel-windows-x86_64, r-release-macos-arm64, r-release-macos-x86_64, r-release-windows-x86_64, r-oldrel-macos-arm64, r-oldrel-windows-x86_64