Last updated on 2023-06-10 16:53:35 CEST.
Flavor | Version | Tinstall | Tcheck | Ttotal | Status | Flags |
---|---|---|---|---|---|---|
r-devel-linux-x86_64-debian-clang | 0.2.30 | 7.07 | 58.78 | 65.85 | OK | |
r-devel-linux-x86_64-debian-gcc | 0.2.30 | 5.51 | 44.84 | 50.35 | OK | |
r-devel-linux-x86_64-fedora-clang | 0.2.30 | 82.30 | NOTE | |||
r-devel-linux-x86_64-fedora-gcc | 0.2.30 | 77.08 | NOTE | |||
r-devel-windows-x86_64 | 0.2.30 | 8.00 | 74.00 | 82.00 | OK | |
r-patched-linux-x86_64 | 0.2.30 | 7.22 | 55.52 | 62.74 | OK | |
r-release-linux-x86_64 | 0.2.30 | 7.62 | 55.56 | 63.18 | OK | |
r-release-macos-arm64 | 0.2.30 | 39.00 | OK | |||
r-release-macos-x86_64 | 0.2.30 | 53.00 | OK | |||
r-release-windows-x86_64 | 0.2.30 | 10.00 | 87.00 | 97.00 | OK | |
r-oldrel-macos-arm64 | 0.2.30 | 30.00 | OK | |||
r-oldrel-macos-x86_64 | 0.2.30 | 45.00 | OK | |||
r-oldrel-windows-x86_64 | 0.2.30 | 9.00 | 77.00 | 86.00 | OK |
Version: 0.2.30
Check: data for non-ASCII characters
Result: NOTE
Note: found 1430 marked UTF-8 strings
Flavors: r-devel-linux-x86_64-fedora-clang, r-devel-linux-x86_64-fedora-gcc