CRAN Package Check Results for Package faq

Last updated on 2024-02-23 16:53:17 CET.

Flavor Version Tinstall Tcheck Ttotal Status Flags
r-devel-linux-x86_64-debian-clang 0.1.1 NOTE
r-devel-linux-x86_64-debian-gcc 0.1.1 2.29 25.22 27.51 NOTE
r-devel-linux-x86_64-fedora-clang 0.1.1 45.26 NOTE
r-devel-linux-x86_64-fedora-gcc 0.1.1 53.91 NOTE
r-devel-windows-x86_64 0.1.1 4.00 52.00 56.00 NOTE
r-patched-linux-x86_64 0.1.1 1.95 31.45 33.40 NOTE
r-release-linux-x86_64 0.1.1 2.08 31.26 33.34 NOTE
r-release-macos-arm64 0.1.1 26.00 NOTE
r-release-macos-x86_64 0.1.1 35.00 NOTE
r-release-windows-x86_64 0.1.1 4.00 52.00 56.00 NOTE
r-oldrel-macos-arm64 0.1.1 19.00 NOTE
r-oldrel-windows-x86_64 0.1.1 4.00 55.00 59.00 NOTE

Check Details

Version: 0.1.1
Check: LazyData
Result: NOTE 'LazyData' is specified without a 'data' directory Flavors: r-devel-linux-x86_64-debian-clang, r-devel-linux-x86_64-debian-gcc, r-devel-linux-x86_64-fedora-clang, r-devel-linux-x86_64-fedora-gcc, r-devel-windows-x86_64, r-patched-linux-x86_64, r-release-linux-x86_64, r-release-macos-arm64, r-release-macos-x86_64, r-release-windows-x86_64, r-oldrel-macos-arm64, r-oldrel-windows-x86_64