CRAN Package Check Results for Package fanovaGraph

Last updated on 2024-06-13 16:49:06 CEST.

Flavor Version Tinstall Tcheck Ttotal Status Flags
r-devel-linux-x86_64-debian-clang 1.5 15.50 181.50 197.00 OK
r-devel-linux-x86_64-debian-gcc 1.5 0.35 1.61 1.96 ERROR
r-devel-linux-x86_64-fedora-clang 1.5 257.89 OK
r-devel-linux-x86_64-fedora-gcc 1.5 236.17 OK
r-devel-windows-x86_64 1.5 14.00 149.00 163.00 OK
r-patched-linux-x86_64 1.5 19.51 174.97 194.48 OK
r-release-linux-x86_64 1.5 11.36 175.89 187.25 OK
r-release-macos-arm64 1.5 92.00 OK
r-release-macos-x86_64 1.5 120.00 OK
r-release-windows-x86_64 1.5 15.00 154.00 169.00 OK
r-oldrel-macos-arm64 1.5 76.00 OK
r-oldrel-macos-x86_64 1.5 123.00 OK
r-oldrel-windows-x86_64 1.5 20.00 258.00 278.00 OK

Check Details

Version: 1.5
Check: package dependencies
Result: ERROR Packages required but not available: 'sensitivity', 'igraph' Package suggested but not available for checking: ‘testthat’ See section ‘The DESCRIPTION file’ in the ‘Writing R Extensions’ manual. Flavor: r-devel-linux-x86_64-debian-gcc