CRAN Package Check Results for Package factset.protobuf.stach

Last updated on 2020-06-02 03:47:48 CEST.

Flavor Version Tinstall Tcheck Ttotal Status Flags
r-devel-linux-x86_64-debian-clang 1.0.2 5.09 36.77 41.86 OK
r-devel-linux-x86_64-debian-gcc 1.0.2 3.32 27.84 31.16 OK
r-devel-linux-x86_64-fedora-clang 1.0.2 57.56 NOTE
r-devel-linux-x86_64-fedora-gcc 1.0.2 47.86 NOTE
r-devel-windows-ix86+x86_64 1.0.2 13.00 48.00 61.00 OK
r-patched-linux-x86_64 1.0.2 4.85 35.84 40.69 OK
r-release-linux-x86_64 1.0.2 4.76 35.56 40.32 OK
r-release-osx-x86_64 1.0.2 NOTE
r-release-windows-ix86+x86_64 1.0.2 9.00 67.00 76.00 OK
r-oldrel-osx-x86_64 1.0.2 NOTE
r-oldrel-windows-ix86+x86_64 1.0.2 15.00 45.00 60.00 OK

Check Details

Version: 1.0.2
Check: dependencies in R code
Result: NOTE
    Namespace in Imports field not imported from: ‘R6’
     All declared Imports should be used.
Flavors: r-devel-linux-x86_64-fedora-clang, r-devel-linux-x86_64-fedora-gcc, r-release-osx-x86_64, r-oldrel-osx-x86_64