CRAN Package Check Results for Package factset.analyticsapi.engines

Last updated on 2024-02-27 16:49:15 CET.

Flavor Version Tinstall Tcheck Ttotal Status Flags
r-devel-linux-x86_64-debian-clang 3.0.1 49.78 45.96 95.74 NOTE
r-devel-linux-x86_64-debian-gcc 3.0.1 32.61 34.39 67.00 NOTE
r-devel-linux-x86_64-fedora-clang 3.0.1 112.08 NOTE
r-devel-linux-x86_64-fedora-gcc 3.0.1 108.73 NOTE
r-devel-windows-x86_64 3.0.1 31.00 63.00 94.00 NOTE
r-patched-linux-x86_64 3.0.1 37.83 43.62 81.45 NOTE
r-release-linux-x86_64 3.0.1 41.59 44.06 85.65 NOTE
r-release-macos-arm64 3.0.1 33.00 NOTE
r-release-macos-x86_64 3.0.1 53.00 NOTE
r-release-windows-x86_64 3.0.1 41.00 69.00 110.00 NOTE
r-oldrel-macos-arm64 3.0.1 30.00 NOTE
r-oldrel-windows-x86_64 3.0.1 45.00 54.00 99.00 NOTE

Check Details

Version: 3.0.1
Check: LazyData
Result: NOTE 'LazyData' is specified without a 'data' directory Flavors: r-devel-linux-x86_64-debian-clang, r-devel-linux-x86_64-debian-gcc, r-devel-linux-x86_64-fedora-clang, r-devel-linux-x86_64-fedora-gcc, r-devel-windows-x86_64, r-patched-linux-x86_64, r-release-linux-x86_64, r-release-macos-arm64, r-release-macos-x86_64, r-release-windows-x86_64, r-oldrel-macos-arm64, r-oldrel-windows-x86_64

Version: 3.0.1
Check: dependencies in R code
Result: NOTE Namespaces in Imports field not imported from: ‘R6’ ‘caTools’ ‘httr’ ‘jsonlite’ ‘rlang’ All declared Imports should be used. Flavors: r-devel-linux-x86_64-fedora-clang, r-devel-linux-x86_64-fedora-gcc, r-oldrel-macos-arm64