CRAN Package Check Results for Package facmodTS

Last updated on 2024-04-17 04:59:28 CEST.

Flavor Version Tinstall Tcheck Ttotal Status Flags
r-devel-linux-x86_64-debian-clang 1.0 9.39 67.51 76.90 OK
r-devel-linux-x86_64-debian-gcc 1.0 6.83 50.68 57.51 OK
r-devel-linux-x86_64-fedora-clang 1.0 95.99 NOTE
r-devel-linux-x86_64-fedora-gcc 1.0 89.57 OK
r-prerel-macos-arm64 1.0 28.00 OK
r-prerel-windows-x86_64 1.0 8.00 77.00 85.00 OK
r-patched-linux-x86_64 1.0 10.69 63.94 74.63 OK
r-release-linux-x86_64 1.0 8.50 64.36 72.86 OK
r-release-macos-arm64 1.0 31.00 OK
r-release-macos-x86_64 1.0 53.00 OK
r-release-windows-x86_64 1.0 12.00 85.00 97.00 OK
r-oldrel-macos-arm64 1.0 35.00 OK
r-oldrel-windows-x86_64 1.0 11.00 84.00 95.00 OK

Check Details

Version: 1.0
Check: Rd cross-references
Result: NOTE Undeclared package ‘pyinit’ in Rd xrefs Flavor: r-devel-linux-x86_64-fedora-clang