CRAN Package Check Results for Package fable.prophet

Last updated on 2024-02-26 16:56:23 CET.

Flavor Version Tinstall Tcheck Ttotal Status Flags
r-devel-linux-x86_64-debian-clang 0.1.0 8.11 154.21 162.32 NOTE
r-devel-linux-x86_64-debian-gcc 0.1.0 6.72 113.00 119.72 NOTE
r-devel-linux-x86_64-fedora-clang 0.1.0 193.14 NOTE
r-devel-linux-x86_64-fedora-gcc 0.1.0 196.14 NOTE
r-devel-windows-x86_64 0.1.0 9.00 130.00 139.00 NOTE
r-patched-linux-x86_64 0.1.0 8.07 147.29 155.36 NOTE
r-release-linux-x86_64 0.1.0 0.51 1.93 2.44 ERROR
r-release-macos-arm64 0.1.0 58.00 NOTE
r-release-macos-x86_64 0.1.0 84.00 NOTE
r-release-windows-x86_64 0.1.0 12.00 155.00 167.00 NOTE
r-oldrel-macos-arm64 0.1.0 54.00 NOTE
r-oldrel-windows-x86_64 0.1.0 11.00 158.00 169.00 NOTE

Check Details

Version: 0.1.0
Check: LazyData
Result: NOTE 'LazyData' is specified without a 'data' directory Flavors: r-devel-linux-x86_64-debian-clang, r-devel-linux-x86_64-debian-gcc, r-devel-linux-x86_64-fedora-clang, r-devel-linux-x86_64-fedora-gcc, r-devel-windows-x86_64, r-patched-linux-x86_64, r-release-macos-arm64, r-release-macos-x86_64, r-release-windows-x86_64, r-oldrel-macos-arm64, r-oldrel-windows-x86_64

Version: 0.1.0
Check: Rd cross-references
Result: NOTE Undeclared package ‘tibble’ in Rd xrefs Flavor: r-devel-linux-x86_64-fedora-clang

Version: 0.1.0
Check: package dependencies
Result: ERROR Package required but not available: ‘prophet’ See section ‘The DESCRIPTION file’ in the ‘Writing R Extensions’ manual. Flavor: r-release-linux-x86_64