CRAN Package Check Results for Package fabCI

Last updated on 2024-02-24 16:48:19 CET.

Flavor Version Tinstall Tcheck Ttotal Status Flags
r-devel-linux-x86_64-debian-clang 0.2 2.09 33.69 35.78 NOTE
r-devel-linux-x86_64-debian-gcc 0.2 2.12 25.88 28.00 NOTE
r-devel-linux-x86_64-fedora-clang 0.2 45.39 NOTE
r-devel-linux-x86_64-fedora-gcc 0.2 45.08 NOTE
r-devel-windows-x86_64 0.2 4.00 50.00 54.00 NOTE
r-patched-linux-x86_64 0.2 2.75 33.35 36.10 NOTE
r-release-linux-x86_64 0.2 2.60 32.54 35.14 NOTE
r-release-macos-arm64 0.2 17.00 NOTE
r-release-macos-x86_64 0.2 25.00 NOTE
r-release-windows-x86_64 0.2 3.00 50.00 53.00 NOTE
r-oldrel-macos-arm64 0.2 22.00 OK
r-oldrel-windows-x86_64 0.2 4.00 53.00 57.00 OK

Check Details

Version: 0.2
Check: package subdirectories
Result: NOTE Problems with news in ‘NEWS.md’: No news entries found. Flavors: r-devel-linux-x86_64-debian-clang, r-devel-linux-x86_64-debian-gcc, r-devel-linux-x86_64-fedora-clang, r-devel-linux-x86_64-fedora-gcc, r-devel-windows-x86_64, r-patched-linux-x86_64, r-release-linux-x86_64, r-release-macos-arm64, r-release-macos-x86_64, r-release-windows-x86_64