CRAN Package Check Results for Package fSRM

Last updated on 2020-08-11 03:47:48 CEST.

Flavor Version Tinstall Tcheck Ttotal Status Flags
r-devel-linux-x86_64-debian-clang 0.6.4 8.57 67.88 76.45 OK
r-devel-linux-x86_64-debian-gcc 0.6.4 7.56 51.73 59.29 OK
r-devel-linux-x86_64-fedora-clang 0.6.4 102.13 OK
r-devel-linux-x86_64-fedora-gcc 0.6.4 90.81 OK
r-devel-windows-ix86+x86_64 0.6.4 19.00 113.00 132.00 OK
r-patched-linux-x86_64 0.6.4 10.03 66.23 76.26 OK
r-patched-solaris-x86 0.6.4 145.20 OK
r-release-linux-x86_64 0.6.4 9.63 66.50 76.13 OK
r-release-macos-x86_64 0.6.4 OK
r-release-windows-ix86+x86_64 0.6.4 32.00 99.00 131.00 OK
r-oldrel-macos-x86_64 0.6.4 FAIL
r-oldrel-windows-ix86+x86_64 0.6.4 17.00 68.00 85.00 OK

Check Details

Version: 0.6.4
Check: whether package can be installed
Result: FAIL
Flavor: r-oldrel-macos-x86_64