CRAN Package Check Results for Package fGarch

Last updated on 2020-07-02 15:53:57 CEST.

Flavor Version Tinstall Tcheck Ttotal Status Flags
r-devel-linux-x86_64-debian-clang 3042.83.2 11.38 82.59 93.97 OK
r-devel-linux-x86_64-debian-gcc 3042.83.2 9.78 78.66 88.44 OK
r-devel-linux-x86_64-fedora-clang 3042.83.2 119.38 NOTE
r-devel-linux-x86_64-fedora-gcc 3042.83.2 109.99 NOTE
r-devel-windows-ix86+x86_64 3042.83.2 32.00 182.00 214.00 OK
r-patched-linux-x86_64 3042.83.2 12.54 81.52 94.06 OK
r-patched-solaris-x86 3042.83.2 152.40 OK
r-release-linux-x86_64 3042.83.2 11.91 81.65 93.56 OK
r-release-osx-x86_64 3042.83.2 OK
r-release-windows-ix86+x86_64 3042.83.2 24.00 133.00 157.00 OK
r-oldrel-osx-x86_64 3042.83.2 OK
r-oldrel-windows-ix86+x86_64 3042.83.2 24.00 157.00 181.00 OK

Check Details

Version: 3042.83.2
Check: compiled code
Result: NOTE
    File ‘fGarch/libs/fGarch.so’:
     Found no calls to: ‘R_registerRoutines’, ‘R_useDynamicSymbols’
    
    It is good practice to register native routines and to disable symbol
    search.
    
    See ‘Writing portable packages’ in the ‘Writing R Extensions’ manual.
Flavors: r-devel-linux-x86_64-fedora-clang, r-devel-linux-x86_64-fedora-gcc