CRAN Package Check Results for Package extremis

Last updated on 2024-03-03 04:48:35 CET.

Flavor Version Tinstall Tcheck Ttotal Status Flags
r-devel-linux-x86_64-debian-clang 1.2.1 10.34 83.83 94.17 OK
r-devel-linux-x86_64-debian-gcc 1.2.1 8.72 63.93 72.65 OK
r-devel-linux-x86_64-fedora-clang 1.2.1 117.52 NOTE
r-devel-linux-x86_64-fedora-gcc 1.2.1 118.32 NOTE
r-devel-windows-x86_64 1.2.1 12.00 83.00 95.00 OK
r-patched-linux-x86_64 1.2.1 8.82 83.77 92.59 OK
r-release-linux-x86_64 1.2.1 11.60 83.68 95.28 OK
r-release-macos-arm64 1.2.1 40.00 OK
r-release-macos-x86_64 1.2.1 64.00 OK
r-release-windows-x86_64 1.2.1 14.00 98.00 112.00 OK
r-oldrel-macos-arm64 1.2.1 37.00 OK
r-oldrel-windows-x86_64 1.2.1 13.00 93.00 106.00 OK

Check Details

Version: 1.2.1
Check: compiled code
Result: NOTE File ‘extremis/libs/extremis.so’: Found no calls to: ‘R_registerRoutines’, ‘R_useDynamicSymbols’ It is good practice to register native routines and to disable symbol search. See ‘Writing portable packages’ in the ‘Writing R Extensions’ manual. Flavors: r-devel-linux-x86_64-fedora-clang, r-devel-linux-x86_64-fedora-gcc