CRAN Package Check Results for Package expowo

Last updated on 2024-03-05 04:57:37 CET.

Flavor Version Tinstall Tcheck Ttotal Status Flags
r-devel-linux-x86_64-debian-clang 1.0 28.71 394.93 423.64 OK
r-devel-linux-x86_64-debian-gcc 2.0 25.66 204.97 230.63 OK
r-devel-linux-x86_64-fedora-clang 2.0 403.44 NOTE
r-devel-linux-x86_64-fedora-gcc 2.0 368.52 NOTE
r-devel-windows-x86_64 2.0 25.00 176.00 201.00 OK
r-patched-linux-x86_64 1.0 32.26 376.88 409.14 OK
r-release-linux-x86_64 2.0 24.03 274.17 298.20 OK
r-release-macos-arm64 2.0 84.00 OK
r-release-macos-x86_64 2.0 210.00 OK
r-release-windows-x86_64 2.0 27.00 232.00 259.00 OK
r-oldrel-macos-arm64 2.0 92.00 OK
r-oldrel-windows-x86_64 2.0 36.00 239.00 275.00 OK

Check Details

Version: 2.0
Check: data for non-ASCII characters
Result: NOTE Note: found 1 marked UTF-8 string Flavors: r-devel-linux-x86_64-fedora-clang, r-devel-linux-x86_64-fedora-gcc