Last updated on 2023-12-03 04:56:05 CET.
Flavor | Version | Tinstall | Tcheck | Ttotal | Status | Flags |
---|---|---|---|---|---|---|
r-devel-linux-x86_64-debian-clang | 1.3.5 | 73.28 | 34.44 | 107.72 | NOTE | |
r-devel-linux-x86_64-debian-gcc | 1.3.5 | 55.17 | 26.97 | 82.14 | NOTE | |
r-devel-linux-x86_64-fedora-clang | 1.3.5 | 181.94 | NOTE | |||
r-devel-linux-x86_64-fedora-gcc | 1.3.5 | 174.95 | NOTE | |||
r-devel-windows-x86_64 | 1.3.5 | 66.00 | 64.00 | 130.00 | NOTE | |
r-patched-linux-x86_64 | 1.3.5 | 67.05 | 34.69 | 101.74 | NOTE | |
r-release-linux-x86_64 | 1.3.5 | 65.19 | 34.10 | 99.29 | NOTE | |
r-release-macos-arm64 | 1.3.5 | 42.00 | NOTE | |||
r-release-macos-x86_64 | 1.3.5 | 71.00 | NOTE | |||
r-release-windows-x86_64 | 1.3.5 | 80.00 | 75.00 | 155.00 | NOTE | |
r-oldrel-macos-arm64 | 1.3.5 | 38.00 | OK | |||
r-oldrel-macos-x86_64 | 1.3.5 | 52.00 | OK | |||
r-oldrel-windows-x86_64 | 1.3.5 | 80.00 | 75.00 | 155.00 | OK |
Version: 1.3.5
Check: C++ specification
Result: NOTE
Specified C++11: please drop specification unless essential
Flavors: r-devel-linux-x86_64-debian-clang, r-devel-linux-x86_64-debian-gcc, r-devel-linux-x86_64-fedora-clang, r-devel-linux-x86_64-fedora-gcc, r-devel-windows-x86_64, r-patched-linux-x86_64, r-release-linux-x86_64, r-release-macos-arm64, r-release-macos-x86_64, r-release-windows-x86_64