CRAN Package Check Results for Package expSBM

Last updated on 2024-07-19 17:54:28 CEST.

Flavor Version Tinstall Tcheck Ttotal Status Flags
r-devel-linux-x86_64-debian-clang 1.3.5 87.32 34.51 121.83 NOTE
r-devel-linux-x86_64-debian-gcc 1.3.5 37.76 27.41 65.17 NOTE
r-devel-linux-x86_64-fedora-clang 1.3.5 184.08 NOTE
r-devel-linux-x86_64-fedora-gcc 1.3.5 182.88 NOTE
r-devel-windows-x86_64 1.3.5 54.00 69.00 123.00 NOTE
r-patched-linux-x86_64 1.3.5 71.29 34.27 105.56 NOTE
r-release-linux-x86_64 1.3.5 69.71 33.19 102.90 NOTE
r-release-macos-arm64 1.3.5 37.00 NOTE
r-release-macos-x86_64 1.3.5 47.00 NOTE
r-release-windows-x86_64 1.3.5 67.00 65.00 132.00 NOTE
r-oldrel-macos-arm64 1.3.5 42.00 NOTE
r-oldrel-macos-x86_64 1.3.5 71.00 NOTE
r-oldrel-windows-x86_64 1.3.5 83.00 77.00 160.00 NOTE

Check Details

Version: 1.3.5
Check: C++ specification
Result: NOTE Specified C++11: please drop specification unless essential Flavors: r-devel-linux-x86_64-debian-clang, r-devel-linux-x86_64-debian-gcc, r-devel-linux-x86_64-fedora-clang, r-devel-linux-x86_64-fedora-gcc, r-devel-windows-x86_64, r-patched-linux-x86_64, r-release-linux-x86_64, r-release-macos-arm64, r-release-macos-x86_64, r-release-windows-x86_64, r-oldrel-macos-arm64, r-oldrel-macos-x86_64, r-oldrel-windows-x86_64