Last updated on 2023-12-04 05:09:04 CET.
Flavor | Version | Tinstall | Tcheck | Ttotal | Status | Flags |
---|---|---|---|---|---|---|
r-devel-linux-x86_64-debian-clang | 0.10.0 | 114.15 | 447.61 | 561.76 | NOTE | |
r-devel-linux-x86_64-debian-gcc | 0.10.0 | 84.95 | 342.03 | 426.98 | NOTE | |
r-devel-linux-x86_64-fedora-clang | 0.10.0 | 804.26 | NOTE | |||
r-devel-linux-x86_64-fedora-gcc | 0.10.0 | 753.60 | NOTE | |||
r-devel-windows-x86_64 | 0.10.0 | 89.00 | 331.00 | 420.00 | NOTE | |
r-patched-linux-x86_64 | 0.10.0 | 106.42 | 435.47 | 541.89 | NOTE | |
r-release-linux-x86_64 | 0.10.0 | 101.94 | 439.02 | 540.96 | NOTE | |
r-release-macos-arm64 | 0.10.0 | 168.00 | NOTE | |||
r-release-macos-x86_64 | 0.10.0 | 530.00 | NOTE | |||
r-release-windows-x86_64 | 0.10.0 | 119.00 | 450.00 | 569.00 | NOTE | |
r-oldrel-macos-arm64 | 0.10.0 | 155.00 | NOTE | |||
r-oldrel-macos-x86_64 | 0.10.0 | 223.00 | NOTE | |||
r-oldrel-windows-x86_64 | 0.10.0 | 116.00 | 432.00 | 548.00 | OK |
Version: 0.10.0
Check: C++ specification
Result: NOTE
Specified C++14: please drop specification unless essential
Flavors: r-devel-linux-x86_64-debian-clang, r-devel-linux-x86_64-debian-gcc, r-devel-linux-x86_64-fedora-clang, r-devel-linux-x86_64-fedora-gcc, r-devel-windows-x86_64, r-patched-linux-x86_64, r-release-linux-x86_64, r-release-macos-arm64, r-release-macos-x86_64, r-release-windows-x86_64
Version: 0.10.0
Check: installed package size
Result: NOTE
installed size is 7.5Mb
sub-directories of 1Mb or more:
libs 6.6Mb
Flavors: r-release-macos-arm64, r-release-macos-x86_64, r-oldrel-macos-arm64, r-oldrel-macos-x86_64