CRAN Package Check Results for Package evaluate

Last updated on 2020-08-04 03:47:48 CEST.

Flavor Version Tinstall Tcheck Ttotal Status Flags
r-devel-linux-x86_64-debian-clang 0.14 2.11 26.58 28.69 OK
r-devel-linux-x86_64-debian-gcc 0.14 1.94 20.63 22.57 OK
r-devel-linux-x86_64-fedora-clang 0.14 43.09 OK
r-devel-linux-x86_64-fedora-gcc 0.14 34.23 OK
r-devel-windows-ix86+x86_64 0.14 9.00 37.00 46.00 OK
r-patched-linux-x86_64 0.14 2.19 26.55 28.74 OK
r-patched-solaris-x86 0.14 50.60 OK
r-release-linux-x86_64 0.14 2.32 26.23 28.55 OK
r-release-macos-x86_64 0.14 ERROR
r-release-windows-ix86+x86_64 0.14 12.00 51.00 63.00 OK
r-oldrel-macos-x86_64 0.14 OK
r-oldrel-windows-ix86+x86_64 0.14 12.00 36.00 48.00 OK

Check Details

Version: 0.14
Check: tests
Result: ERROR
     Running ‘test-all.R’ [3s/5s]
    Running the tests in ‘tests/test-all.R’ failed.
    Last 13 lines of output:
     [1] 5 - 4 == 1
    
     ── 4. Failure: ggplot2 plots in a single expression are captured (@test-graphics
     `x` not equal to `expected`.
     Lengths differ: 5 is not 4
    
     ══ testthat results ═══════════════════════════════════════════════════════════
     [ OK: 49 | SKIPPED: 1 | WARNINGS: 0 | FAILED: 4 ]
     1. Failure: ggplot is captured (@test-graphics.r#13)
     2. Failure: ggplot is captured (@test-graphics.r#15)
     3. Failure: ggplot2 plots in a single expression are captured (@test-graphics.r#47)
     4. Failure: ggplot2 plots in a single expression are captured (@test-graphics.r#49)
    
     Error: testthat unit tests failed
     Execution halted
Flavor: r-release-macos-x86_64