CRAN Package Check Results for Package eurostat

Last updated on 2020-05-27 03:48:31 CEST.

Flavor Version Tinstall Tcheck Ttotal Status Flags
r-devel-linux-x86_64-debian-clang 3.6.1 9.82 92.44 102.26 OK
r-devel-linux-x86_64-debian-gcc 3.6.1 8.42 69.87 78.29 OK
r-devel-linux-x86_64-fedora-clang 3.6.1 129.68 NOTE
r-devel-linux-x86_64-fedora-gcc 3.6.1 122.51 NOTE
r-devel-windows-ix86+x86_64 3.6.1 32.00 139.00 171.00 ERROR
r-patched-linux-x86_64 3.6.1 10.62 89.93 100.55 OK
r-patched-solaris-x86 3.6.1 218.20 NOTE
r-release-linux-x86_64 3.6.1 10.64 89.86 100.50 OK
r-release-osx-x86_64 3.6.1 ERROR
r-release-windows-ix86+x86_64 3.6.1 27.00 135.00 162.00 ERROR
r-oldrel-osx-x86_64 3.6.1 NOTE
r-oldrel-windows-ix86+x86_64 3.6.1 20.00 132.00 152.00 ERROR

Check Details

Version: 3.6.1
Check: dependencies in R code
Result: NOTE
    Namespace in Imports field not imported from: ‘tidyselect’
     All declared Imports should be used.
Flavors: r-devel-linux-x86_64-fedora-clang, r-devel-linux-x86_64-fedora-gcc, r-patched-solaris-x86, r-oldrel-osx-x86_64

Version: 3.6.1
Check: data for non-ASCII characters
Result: NOTE
     Note: found 1182 marked UTF-8 strings
Flavors: r-devel-linux-x86_64-fedora-clang, r-devel-linux-x86_64-fedora-gcc, r-patched-solaris-x86, r-oldrel-osx-x86_64

Version: 3.6.1
Check: tests
Result: ERROR
     Running 'testthat.R' [8s]
    Running the tests in 'tests/testthat.R' failed.
    Complete output:
     > library(testthat)
     > library(eurostat)
     >
     > test_check("eurostat")
     -- 1. Failure: Countrycodes are labelled for factors (@test_label.R#23) -------
     levels(...) not equal to c("Finland", "Germany", "EU28").
     target is NULL, current is character
    
     -- 2. Failure: Countrycodes return NA for countrycode_nomatch = NA (@test_label.
     suppressWarnings(...) not equal to c("Finland", "Germany", NA).
     target is NULL, current is character
    
     -- 3. Failure: Countrycodes use eurostat for missing (@test_label.R#35) -------
     suppressWarnings(...) not equal to c("Finland", "Germany", "European Union - 28 countries (2013-2020)").
     target is NULL, current is character
    
     -- 4. Failure: custom_dic works (@test_label.R#41) ----------------------------
     label_eurostat(c("FI", "DE"), dic = "geo", custom_dic = c(DE = "Germany")) not equal to c("Finland", "Germany").
     target is NULL, current is character
    
     == testthat results ===========================================================
     [ OK: 0 | SKIPPED: 21 | WARNINGS: 2 | FAILED: 4 ]
     1. Failure: Countrycodes are labelled for factors (@test_label.R#23)
     2. Failure: Countrycodes return NA for countrycode_nomatch = NA (@test_label.R#29)
     3. Failure: Countrycodes use eurostat for missing (@test_label.R#35)
     4. Failure: custom_dic works (@test_label.R#41)
    
     Error: testthat unit tests failed
     Execution halted
Flavors: r-devel-windows-ix86+x86_64, r-release-windows-ix86+x86_64

Version: 3.6.1
Check: package dependencies
Result: ERROR
    Package required but not available: ‘jsonlite’
    
    See section ‘The DESCRIPTION file’ in the ‘Writing R Extensions’
    manual.
Flavor: r-release-osx-x86_64

Version: 3.6.1
Check: tests
Result: ERROR
     Running 'testthat.R' [37s]
    Running the tests in 'tests/testthat.R' failed.
    Complete output:
     > library(testthat)
     > library(eurostat)
     >
     > test_check("eurostat")
     -- 1. Failure: Countrycodes are labelled for factors (@test_label.R#23) -------
     levels(...) not equal to c("Finland", "Germany", "EU28").
     target is NULL, current is character
    
     -- 2. Failure: Countrycodes return NA for countrycode_nomatch = NA (@test_label.
     suppressWarnings(...) not equal to c("Finland", "Germany", NA).
     target is NULL, current is character
    
     -- 3. Failure: Countrycodes use eurostat for missing (@test_label.R#35) -------
     suppressWarnings(...) not equal to c("Finland", "Germany", "European Union - 28 countries (2013-2020)").
     target is NULL, current is character
    
     -- 4. Failure: custom_dic works (@test_label.R#41) ----------------------------
     label_eurostat(c("FI", "DE"), dic = "geo", custom_dic = c(DE = "Germany")) not equal to c("Finland", "Germany").
     target is NULL, current is character
    
     == testthat results ===========================================================
     [ OK: 0 | SKIPPED: 21 | WARNINGS: 2 | FAILED: 4 ]
     1. Failure: Countrycodes are labelled for factors (@test_label.R#23)
     2. Failure: Countrycodes return NA for countrycode_nomatch = NA (@test_label.R#29)
     3. Failure: Countrycodes use eurostat for missing (@test_label.R#35)
     4. Failure: custom_dic works (@test_label.R#41)
    
     Error: testthat unit tests failed
     Execution halted
Flavor: r-oldrel-windows-ix86+x86_64