CRAN Package Check Results for Package errum

Last updated on 2023-11-28 16:48:17 CET.

Flavor Version Tinstall Tcheck Ttotal Status Flags
r-devel-linux-x86_64-debian-clang 0.0.3 36.52 30.72 67.24 NOTE
r-devel-linux-x86_64-debian-gcc 0.0.3 26.94 23.81 50.75 NOTE
r-devel-linux-x86_64-fedora-clang 0.0.3 99.57 NOTE
r-devel-linux-x86_64-fedora-gcc 0.0.3 98.19 NOTE
r-devel-windows-x86_64 0.0.3 29.00 69.00 98.00 NOTE
r-patched-linux-x86_64 0.0.3 32.32 30.56 62.88 NOTE
r-release-linux-x86_64 0.0.3 31.98 30.75 62.73 NOTE
r-release-macos-arm64 0.0.3 29.00 NOTE
r-release-macos-x86_64 0.0.3 47.00 NOTE
r-release-windows-x86_64 0.0.3 40.00 77.00 117.00 NOTE
r-oldrel-macos-arm64 0.0.3 29.00 NOTE
r-oldrel-macos-x86_64 0.0.3 37.00 NOTE
r-oldrel-windows-x86_64 0.0.3 38.00 71.00 109.00 NOTE

Check Details

Version: 0.0.3
Check: C++ specification
Result: NOTE Specified C++11: please drop specification unless essential Flavors: r-devel-linux-x86_64-debian-clang, r-devel-linux-x86_64-debian-gcc, r-devel-linux-x86_64-fedora-clang, r-devel-linux-x86_64-fedora-gcc, r-devel-windows-x86_64, r-patched-linux-x86_64, r-release-linux-x86_64, r-release-macos-arm64, r-release-macos-x86_64, r-release-windows-x86_64

Version: 0.0.3
Check: LazyData
Result: NOTE 'LazyData' is specified without a 'data' directory Flavors: r-devel-linux-x86_64-debian-clang, r-devel-linux-x86_64-debian-gcc, r-devel-linux-x86_64-fedora-clang, r-devel-linux-x86_64-fedora-gcc, r-devel-windows-x86_64, r-patched-linux-x86_64, r-release-linux-x86_64, r-release-macos-arm64, r-release-macos-x86_64, r-release-windows-x86_64, r-oldrel-macos-arm64, r-oldrel-macos-x86_64, r-oldrel-windows-x86_64