CRAN Package Check Results for Package ergmito

Last updated on 2020-06-04 03:49:17 CEST.

Flavor Version Tinstall Tcheck Ttotal Status Flags
r-devel-linux-x86_64-debian-clang 0.2-1 117.97 182.92 300.89 OK
r-devel-linux-x86_64-debian-gcc 0.2-1 92.79 139.27 232.06 OK
r-devel-linux-x86_64-fedora-clang 0.2-1 394.73 NOTE
r-devel-linux-x86_64-fedora-gcc 0.2-1 370.89 OK
r-devel-windows-ix86+x86_64 0.2-1 279.00 484.00 763.00 OK
r-patched-linux-x86_64 0.2-1 99.40 173.73 273.13 OK
r-patched-solaris-x86 0.2-1 531.20 OK
r-release-linux-x86_64 0.2-1 97.15 176.22 273.37 OK
r-release-osx-x86_64 0.2-1 OK
r-release-windows-ix86+x86_64 0.2-1 210.00 348.00 558.00 OK
r-oldrel-osx-x86_64 0.2-1 OK
r-oldrel-windows-ix86+x86_64 0.2-1 261.00 466.00 727.00 OK

Check Details

Version: 0.2-1
Check: installed package size
Result: NOTE
     installed size is 5.4Mb
     sub-directories of 1Mb or more:
     libs 4.0Mb
Flavor: r-devel-linux-x86_64-fedora-clang