CRAN Package Check Results for Package ergmito

Last updated on 2024-02-26 04:49:26 CET.

Flavor Version Tinstall Tcheck Ttotal Status Flags
r-devel-linux-x86_64-debian-clang 0.3-1 135.23 255.60 390.83 OK
r-devel-linux-x86_64-debian-gcc 0.3-1 109.38 189.31 298.69 OK
r-devel-linux-x86_64-fedora-clang 0.3-1 514.59 OK
r-devel-linux-x86_64-fedora-gcc 0.3-1 547.89 OK
r-devel-windows-x86_64 0.3-1 99.00 216.00 315.00 OK
r-patched-linux-x86_64 0.3-1 135.09 245.90 380.99 OK
r-release-linux-x86_64 0.3-1 132.21 242.74 374.95 OK
r-release-macos-arm64 0.3-1 121.00 NOTE
r-release-macos-x86_64 0.3-1 326.00 NOTE
r-release-windows-x86_64 0.3-1 127.00 287.00 414.00 OK
r-oldrel-macos-arm64 0.3-1 132.00 NOTE
r-oldrel-windows-x86_64 0.3-1 127.00 276.00 403.00 OK

Check Details

Version: 0.3-1
Check: installed package size
Result: NOTE installed size is 5.6Mb sub-directories of 1Mb or more: libs 4.2Mb Flavors: r-release-macos-arm64, r-release-macos-x86_64, r-oldrel-macos-arm64