CRAN Package Check Results for Package ergMargins

Last updated on 2024-02-26 04:49:26 CET.

Flavor Version Tinstall Tcheck Ttotal Status Flags
r-devel-linux-x86_64-debian-clang 1.1 13.49 113.93 127.42 OK
r-devel-linux-x86_64-debian-gcc 1.2 13.82 82.22 96.04 OK
r-devel-linux-x86_64-fedora-clang 1.2 28.37 ERROR
r-devel-linux-x86_64-fedora-gcc 1.2 163.10 OK
r-devel-windows-x86_64 1.1 13.00 92.00 105.00 OK
r-patched-linux-x86_64 1.1 16.09 107.55 123.64 OK
r-release-linux-x86_64 1.2 12.38 107.13 119.51 OK
r-release-macos-arm64 1.2 48.00 OK
r-release-macos-x86_64 1.2 100.00 OK
r-release-windows-x86_64 1.2 20.00 109.00 129.00 OK
r-oldrel-macos-arm64 1.2 47.00 OK
r-oldrel-windows-x86_64 1.2 14.00 127.00 141.00 OK

Check Details

Version: 1.2
Check: whether the package can be loaded
Result: ERROR Loading this package had a fatal error status code 1 Loading log: Error: package or namespace load failed for ‘ergMargins’ in loadNamespace(i, c(lib.loc, .libPaths()), versionCheck = vI[[i]]): there is no package called ‘network’ Execution halted Flavor: r-devel-linux-x86_64-fedora-clang