Last updated on 2023-12-10 16:51:12 CET.
Flavor | Version | Tinstall | Tcheck | Ttotal | Status | Flags |
---|---|---|---|---|---|---|
r-devel-linux-x86_64-debian-clang | 3.1 | 10.59 | 96.05 | 106.64 | NOTE | |
r-devel-linux-x86_64-debian-gcc | 3.1 | 9.46 | 73.81 | 83.27 | NOTE | |
r-devel-linux-x86_64-fedora-clang | 3.1 | 140.91 | OK | |||
r-devel-linux-x86_64-fedora-gcc | 3.1 | 135.63 | OK | |||
r-devel-windows-x86_64 | 3.1 | 11.00 | 95.00 | 106.00 | OK | |
r-patched-linux-x86_64 | 3.1 | 17.24 | 95.78 | 113.02 | OK | |
r-release-linux-x86_64 | 3.1 | 7.89 | 93.99 | 101.88 | OK | |
r-release-macos-arm64 | 3.1 | 44.00 | OK | |||
r-release-macos-x86_64 | 3.1 | 69.00 | OK | |||
r-release-windows-x86_64 | 3.1 | 16.00 | 116.00 | 132.00 | OK | |
r-oldrel-macos-arm64 | 3.1 | 40.00 | OK | |||
r-oldrel-macos-x86_64 | 3.1 | 61.00 | OK | |||
r-oldrel-windows-x86_64 | 3.1 | 16.00 | 114.00 | 130.00 | OK |
Version: 3.1
Check: Rd files
Result: NOTE
checkRd: (-1) evReturn.Rd:34: Lost braces
34 | \item{daEst }{ data used to estimate the market model for the last firm as specified in code{firm}.}
| ^
checkRd: (-1) evRisk.Rd:19: Lost braces
19 | \item{daEst }{ data used to estimate CAPM for the last firm as specified in code{firm}.}
| ^
Flavors: r-devel-linux-x86_64-debian-clang, r-devel-linux-x86_64-debian-gcc