CRAN Package Check Results for Package equivalenceTest

Last updated on 2020-06-06 03:48:27 CEST.

Flavor Version Tinstall Tcheck Ttotal Status Flags
r-devel-linux-x86_64-debian-clang 0.0.1.1 2.74 23.59 26.33 OK
r-devel-linux-x86_64-debian-gcc 0.0.1.1 2.03 18.89 20.92 OK
r-devel-linux-x86_64-fedora-clang 0.0.1.1 40.70 NOTE
r-devel-linux-x86_64-fedora-gcc 0.0.1.1 31.34 NOTE
r-devel-windows-ix86+x86_64 0.0.1.1 8.00 36.00 44.00 OK
r-patched-linux-x86_64 0.0.1.1 2.80 23.84 26.64 OK
r-patched-solaris-x86 0.0.1.1 50.50 NOTE
r-release-linux-x86_64 0.0.1.1 2.04 23.86 25.90 OK
r-release-osx-x86_64 0.0.1.1 NOTE
r-release-windows-ix86+x86_64 0.0.1.1 6.00 52.00 58.00 OK
r-oldrel-osx-x86_64 0.0.1.1 NOTE
r-oldrel-windows-ix86+x86_64 0.0.1.1 7.00 37.00 44.00 OK

Check Details

Version: 0.0.1.1
Check: dependencies in R code
Result: NOTE
    Namespaces in Imports field not imported from:
     ‘cubature’ ‘rootSolve’
     All declared Imports should be used.
Flavors: r-devel-linux-x86_64-fedora-clang, r-devel-linux-x86_64-fedora-gcc, r-patched-solaris-x86, r-release-osx-x86_64, r-oldrel-osx-x86_64