CRAN Package Check Results for Package equaltestMI

Last updated on 2024-02-25 04:51:04 CET.

Flavor Version Tinstall Tcheck Ttotal Status Flags
r-devel-linux-x86_64-debian-clang 0.6.1 5.00 49.21 54.21 OK
r-devel-linux-x86_64-debian-gcc 0.6.1 3.73 37.48 41.21 OK
r-devel-linux-x86_64-fedora-clang 0.6.1 66.79 NOTE
r-devel-linux-x86_64-fedora-gcc 0.6.1 80.01 OK
r-devel-windows-x86_64 0.6.1 5.00 66.00 71.00 OK
r-patched-linux-x86_64 0.6.1 4.23 48.00 52.23 OK
r-release-linux-x86_64 0.6.1 4.57 47.57 52.14 OK
r-release-macos-arm64 0.6.1 30.00 OK
r-release-macos-x86_64 0.6.1 48.00 NOTE
r-release-windows-x86_64 0.6.1 4.00 69.00 73.00 OK
r-oldrel-macos-arm64 0.6.1 24.00 OK
r-oldrel-windows-x86_64 0.6.1 6.00 75.00 81.00 OK

Check Details

Version: 0.6.1
Check: Rd cross-references
Result: NOTE Undeclared package ‘OpenMx’ in Rd xrefs Flavor: r-devel-linux-x86_64-fedora-clang

Version: 0.6.1
Check: package dependencies
Result: NOTE Package suggested but not available for checking: ‘semTools’ Flavor: r-release-macos-x86_64

Version: 0.6.1
Check: Rd cross-references
Result: NOTE Packages unavailable to check Rd xrefs: ‘OpenMx’, ‘semTools’ Flavor: r-release-macos-x86_64