CRAN Package Check Results for Package eq5d

Last updated on 2020-06-04 03:49:17 CEST.

Flavor Version Tinstall Tcheck Ttotal Status Flags
r-devel-linux-x86_64-debian-clang 0.7.0 3.14 31.94 35.08 OK
r-devel-linux-x86_64-debian-gcc 0.7.0 2.42 24.94 27.36 OK
r-devel-linux-x86_64-fedora-clang 0.7.0 52.19 OK
r-devel-linux-x86_64-fedora-gcc 0.7.0 41.09 OK
r-devel-windows-ix86+x86_64 0.7.0 10.00 68.00 78.00 OK
r-patched-linux-x86_64 0.7.0 3.15 32.72 35.87 OK
r-patched-solaris-x86 0.7.0 61.70 NOTE
r-release-linux-x86_64 0.7.0 2.63 32.24 34.87 OK
r-release-osx-x86_64 0.7.0 OK
r-release-windows-ix86+x86_64 0.7.0 8.00 45.00 53.00 OK
r-oldrel-osx-x86_64 0.7.0 OK
r-oldrel-windows-ix86+x86_64 0.7.0 9.00 64.00 73.00 OK

Check Details

Version: 0.7.0
Check: installed package size
Result: NOTE
     installed size is 5.1Mb
     sub-directories of 1Mb or more:
     help 4.7Mb
Flavor: r-patched-solaris-x86