Last updated on 2023-12-07 04:56:21 CET.
Flavor | Version | Tinstall | Tcheck | Ttotal | Status | Flags |
---|---|---|---|---|---|---|
r-devel-linux-x86_64-debian-clang | 1.0 | 8.66 | 91.94 | 100.60 | OK | |
r-devel-linux-x86_64-debian-gcc | 1.0 | 7.33 | 68.49 | 75.82 | OK | |
r-devel-linux-x86_64-fedora-clang | 1.0 | 125.56 | NOTE | |||
r-devel-linux-x86_64-fedora-gcc | 1.0 | 117.30 | NOTE | |||
r-devel-windows-x86_64 | 1.0 | 10.00 | 98.00 | 108.00 | OK | |
r-patched-linux-x86_64 | 1.0 | 7.42 | 87.54 | 94.96 | OK | |
r-release-linux-x86_64 | 1.0 | 6.34 | 86.30 | 92.64 | OK | |
r-release-macos-arm64 | 1.0 | 44.00 | OK | |||
r-release-macos-x86_64 | 1.0 | 65.00 | OK | |||
r-release-windows-x86_64 | 1.0 | 13.00 | 114.00 | 127.00 | OK | |
r-oldrel-macos-arm64 | 1.0 | 54.00 | NOTE | |||
r-oldrel-macos-x86_64 | 1.0 | 88.00 | NOTE | |||
r-oldrel-windows-x86_64 | 1.0 | 14.00 | 117.00 | 131.00 | OK |
Version: 1.0
Check: dependencies in R code
Result: NOTE
Namespace in Imports field not imported from: ‘testthat’
All declared Imports should be used.
Flavors: r-devel-linux-x86_64-fedora-clang, r-devel-linux-x86_64-fedora-gcc, r-oldrel-macos-arm64, r-oldrel-macos-x86_64
Version: 1.0
Check: data for non-ASCII characters
Result: NOTE
Note: found 15 marked UTF-8 strings
Flavors: r-devel-linux-x86_64-fedora-clang, r-devel-linux-x86_64-fedora-gcc, r-oldrel-macos-arm64, r-oldrel-macos-x86_64