Last updated on 2023-12-10 04:55:56 CET.
Flavor | Version | Tinstall | Tcheck | Ttotal | Status | Flags |
---|---|---|---|---|---|---|
r-devel-linux-x86_64-debian-clang | 1.1.1 | 36.34 | 119.51 | 155.85 | NOTE | |
r-devel-linux-x86_64-debian-gcc | 1.1.1 | 26.64 | 87.29 | 113.93 | NOTE | |
r-devel-linux-x86_64-fedora-clang | 1.1.1 | 196.87 | OK | |||
r-devel-linux-x86_64-fedora-gcc | 1.1.1 | 209.24 | OK | |||
r-devel-windows-x86_64 | 1.1.1 | 30.00 | 123.00 | 153.00 | OK | |
r-patched-linux-x86_64 | 1.1.1 | 35.81 | 116.41 | 152.22 | OK | |
r-release-linux-x86_64 | 1.1.1 | 34.55 | 114.84 | 149.39 | OK | |
r-release-macos-arm64 | 1.1.1 | 58.00 | OK | |||
r-release-macos-x86_64 | 1.1.1 | 88.00 | OK | |||
r-release-windows-x86_64 | 1.1.1 | 37.00 | 157.00 | 194.00 | OK | |
r-oldrel-macos-arm64 | 1.1.1 | 53.00 | OK | |||
r-oldrel-macos-x86_64 | 1.1.1 | 70.00 | OK | |||
r-oldrel-windows-x86_64 | 1.1.1 | 34.00 | 143.00 | 177.00 | OK |
Version: 1.1.1
Check: Rd files
Result: NOTE
checkRd: (-1) addLegend.Rd:98: Lost braces in \itemize; \value handles \item{}{} directly
checkRd: (-1) addLegend.Rd:99: Lost braces in \itemize; \value handles \item{}{} directly
checkRd: (-1) addLegend.Rd:100: Lost braces in \itemize; \value handles \item{}{} directly
checkRd: (-1) addLegend.Rd:101: Lost braces in \itemize; \value handles \item{}{} directly
checkRd: (-1) gridMetrics.Rd:39: Lost braces in \itemize; meant \describe ?
checkRd: (-1) gridMetrics.Rd:40: Lost braces in \itemize; meant \describe ?
checkRd: (-1) gridMetrics.Rd:41-42: Lost braces in \itemize; meant \describe ?
checkRd: (-1) gridMetrics.Rd:49-51: Lost braces in \itemize; meant \describe ?
checkRd: (-1) gridMetrics.Rd:53: Lost braces in \itemize; meant \describe ?
checkRd: (-1) gridMetrics.Rd:54: Lost braces in \itemize; meant \describe ?
checkRd: (-1) gridMetrics.Rd:55-56: Lost braces in \itemize; meant \describe ?
checkRd: (-1) gridMetrics.Rd:60: Lost braces in \itemize; meant \describe ?
checkRd: (-1) gridMetrics.Rd:62: Lost braces in \itemize; meant \describe ?
checkRd: (-1) gridMetrics.Rd:63: Lost braces in \itemize; meant \describe ?
checkRd: (-1) gridMetrics.Rd:64-65: Lost braces in \itemize; meant \describe ?
checkRd: (-1) gridMetrics.Rd:66: Lost braces in \itemize; meant \describe ?
checkRd: (-1) gridMetrics.Rd:67: Lost braces in \itemize; meant \describe ?
checkRd: (-1) gridMetrics.Rd:68: Lost braces in \itemize; meant \describe ?
checkRd: (-1) gridMetrics.Rd:69: Lost braces in \itemize; meant \describe ?
checkRd: (-1) gridMetrics.Rd:73: Lost braces in \itemize; meant \describe ?
checkRd: (-1) gridMetrics.Rd:74-75: Lost braces in \itemize; meant \describe ?
checkRd: (-1) gridMetrics.Rd:76-77: Lost braces in \itemize; meant \describe ?
Flavors: r-devel-linux-x86_64-debian-clang, r-devel-linux-x86_64-debian-gcc