CRAN Package Check Results for Package episcan

Last updated on 2020-06-06 03:48:26 CEST.

Flavor Version Tinstall Tcheck Ttotal Status Flags
r-devel-linux-x86_64-debian-clang 0.0.1 2.38 26.08 28.46 NOTE
r-devel-linux-x86_64-debian-gcc 0.0.1 1.87 20.69 22.56 NOTE
r-devel-linux-x86_64-fedora-clang 0.0.1 43.93 NOTE
r-devel-linux-x86_64-fedora-gcc 0.0.1 34.03 NOTE
r-devel-windows-ix86+x86_64 0.0.1 8.00 51.00 59.00 OK
r-patched-linux-x86_64 0.0.1 2.11 26.04 28.15 NOTE
r-patched-solaris-x86 0.0.1 53.20 NOTE
r-release-linux-x86_64 0.0.1 2.32 25.90 28.22 NOTE
r-release-osx-x86_64 0.0.1 OK
r-release-windows-ix86+x86_64 0.0.1 8.00 50.00 58.00 OK
r-oldrel-osx-x86_64 0.0.1 OK
r-oldrel-windows-ix86+x86_64 0.0.1 8.00 51.00 59.00 OK

Check Details

Version: 0.0.1
Check: for non-standard things in the check directory
Result: NOTE
    Found the following files/directories:
     'episcan_1geno_cc.txt' 'episcan_1geno_quant.txt'
     'episcan_2geno_cc.txt' 'episcan_2geno_quant.txt'
Flavors: r-devel-linux-x86_64-debian-clang, r-devel-linux-x86_64-debian-gcc, r-devel-linux-x86_64-fedora-clang, r-devel-linux-x86_64-fedora-gcc, r-patched-linux-x86_64, r-patched-solaris-x86, r-release-linux-x86_64