Last updated on 2023-12-09 04:50:49 CET.
Flavor | Version | Tinstall | Tcheck | Ttotal | Status | Flags |
---|---|---|---|---|---|---|
r-devel-linux-x86_64-debian-clang | 0.1.5 | 9.37 | 86.98 | 96.35 | NOTE | |
r-devel-linux-x86_64-debian-gcc | 0.1.5 | 7.12 | 64.03 | 71.15 | NOTE | |
r-devel-linux-x86_64-fedora-clang | 0.1.5 | 117.82 | NOTE | |||
r-devel-linux-x86_64-fedora-gcc | 0.1.5 | 122.67 | NOTE | |||
r-devel-windows-x86_64 | 0.1.5 | 9.00 | 81.00 | 90.00 | NOTE | |
r-patched-linux-x86_64 | 0.1.5 | 6.80 | 81.21 | 88.01 | NOTE | |
r-release-linux-x86_64 | 0.1.5 | 7.60 | 80.81 | 88.41 | NOTE | |
r-release-macos-arm64 | 0.1.5 | 40.00 | NOTE | |||
r-release-macos-x86_64 | 0.1.5 | 68.00 | NOTE | |||
r-release-windows-x86_64 | 0.1.5 | 11.00 | 94.00 | 105.00 | NOTE | |
r-oldrel-macos-arm64 | 0.1.5 | 35.00 | NOTE | |||
r-oldrel-macos-x86_64 | 0.1.5 | 54.00 | NOTE | |||
r-oldrel-windows-x86_64 | 0.1.5 | 11.00 | 97.00 | 108.00 | NOTE |
Version: 0.1.5
Check: package dependencies
Result: NOTE
Package suggested but not available for checking: ‘epidict’
Flavors: r-devel-linux-x86_64-debian-clang, r-devel-linux-x86_64-debian-gcc, r-devel-linux-x86_64-fedora-clang, r-devel-linux-x86_64-fedora-gcc, r-devel-windows-x86_64, r-patched-linux-x86_64, r-release-linux-x86_64, r-release-macos-arm64, r-release-macos-x86_64, r-release-windows-x86_64, r-oldrel-macos-arm64, r-oldrel-macos-x86_64, r-oldrel-windows-x86_64
Version: 0.1.5
Check: Rd \usage sections
Result: NOTE
Documented arguments not in \usage in Rd file 'dots_to_charlist.Rd':
‘call’ ‘...’
Functions with \usage entries need to have the appropriate \alias
entries, and all their arguments documented.
The \usage entries must correspond to syntactically valid R code.
See chapter ‘Writing R documentation files’ in the ‘Writing R
Extensions’ manual.
Flavors: r-devel-linux-x86_64-debian-clang, r-devel-linux-x86_64-debian-gcc, r-devel-linux-x86_64-fedora-clang, r-devel-linux-x86_64-fedora-gcc, r-devel-windows-x86_64